Last updated on 2025-07-24 04:50:22 CEST.
Flavor | Version | Tinstall | Tcheck | Ttotal | Status | Flags |
---|---|---|---|---|---|---|
r-devel-linux-x86_64-debian-clang | 1.3.1 | 405.81 | 187.42 | 593.23 | NOTE | |
r-devel-linux-x86_64-debian-gcc | 1.3.1 | 402.26 | 165.48 | 567.74 | NOTE | |
r-devel-linux-x86_64-fedora-clang | 1.3.2 | 1002.77 | OK | |||
r-devel-linux-x86_64-fedora-gcc | 1.3.2 | 1297.20 | OK | |||
r-devel-windows-x86_64 | 1.3.1 | 399.00 | 227.00 | 626.00 | NOTE | |
r-patched-linux-x86_64 | 1.3.1 | 507.57 | 222.23 | 729.80 | NOTE | |
r-release-linux-x86_64 | 1.3.1 | 515.69 | 222.42 | 738.11 | NOTE | |
r-release-macos-arm64 | 1.3.1 | 245.00 | NOTE | |||
r-release-macos-x86_64 | 1.3.2 | 269.00 | OK | |||
r-release-windows-x86_64 | 1.3.1 | 491.00 | 239.00 | 730.00 | NOTE | |
r-oldrel-macos-arm64 | 1.3.1 | 136.00 | NOTE | |||
r-oldrel-macos-x86_64 | 1.3.2 | 290.00 | NOTE | |||
r-oldrel-windows-x86_64 | 1.3.1 | 544.00 | 293.00 | 837.00 | NOTE |
Version: 1.3.1
Check: Rd files
Result: NOTE
checkRd: (-1) as_mcmc.list.Rd:5: Lost braces; missing escapes or markup?
5 | \title{Convert a rater_fit object to a {coda} \code{mcmc.list} object.}
| ^
checkRd: (-1) as_mcmc.list.Rd:16: Lost braces; missing escapes or markup?
16 | Convert a rater_fit object to a {coda} \code{mcmc.list} object.
| ^
checkRd: (-1) as_mcmc.list.Rd:13: Lost braces; missing escapes or markup?
13 | A {coda} mcmc.list object.
| ^
Flavors: r-devel-linux-x86_64-debian-clang, r-devel-linux-x86_64-debian-gcc, r-devel-windows-x86_64, r-patched-linux-x86_64, r-release-linux-x86_64, r-release-macos-arm64, r-release-windows-x86_64, r-oldrel-macos-arm64, r-oldrel-windows-x86_64
Version: 1.3.1
Check: installed package size
Result: NOTE
installed size is 93.6Mb
sub-directories of 1Mb or more:
libs 92.8Mb
Flavors: r-oldrel-macos-arm64, r-oldrel-windows-x86_64
Version: 1.3.1
Check: for GNU extensions in Makefiles
Result: NOTE
GNU make is a SystemRequirements.
Flavors: r-oldrel-macos-arm64, r-oldrel-windows-x86_64
Version: 1.3.2
Check: installed package size
Result: NOTE
installed size is 95.1Mb
sub-directories of 1Mb or more:
libs 94.3Mb
Flavor: r-oldrel-macos-x86_64
Version: 1.3.2
Check: for GNU extensions in Makefiles
Result: NOTE
GNU make is a SystemRequirements.
Flavor: r-oldrel-macos-x86_64