CRAN Package Check Results for Package ratematrix

Last updated on 2025-07-20 03:49:41 CEST.

Flavor Version Tinstall Tcheck Ttotal Status Flags
r-devel-linux-x86_64-debian-clang 1.2.4 56.24 151.21 207.45 NOTE
r-devel-linux-x86_64-debian-gcc 1.2.4 37.77 104.77 142.54 NOTE
r-devel-linux-x86_64-fedora-clang 1.2.4 336.06 NOTE
r-devel-linux-x86_64-fedora-gcc 1.2.4 347.54 NOTE
r-devel-windows-x86_64 1.2.4 55.00 168.00 223.00 NOTE
r-patched-linux-x86_64 1.2.4 50.90 141.14 192.04 NOTE
r-release-linux-x86_64 1.2.4 53.12 141.89 195.01 NOTE
r-release-macos-arm64 1.2.4 89.00 NOTE
r-release-macos-x86_64 1.2.4 212.00 NOTE
r-release-windows-x86_64 1.2.4 56.00 169.00 225.00 NOTE
r-oldrel-macos-arm64 1.2.4 94.00 NOTE
r-oldrel-macos-x86_64 1.2.4 193.00 NOTE
r-oldrel-windows-x86_64 1.2.4 71.00 220.00 291.00 NOTE

Check Details

Version: 1.2.4
Check: C++ specification
Result: NOTE Specified C++11: please drop specification unless essential Flavors: r-devel-linux-x86_64-debian-clang, r-devel-linux-x86_64-debian-gcc, r-devel-linux-x86_64-fedora-clang, r-devel-linux-x86_64-fedora-gcc, r-devel-windows-x86_64, r-patched-linux-x86_64, r-release-linux-x86_64, r-release-macos-arm64, r-release-macos-x86_64, r-release-windows-x86_64, r-oldrel-macos-arm64, r-oldrel-macos-x86_64, r-oldrel-windows-x86_64

Version: 1.2.4
Check: installed package size
Result: NOTE installed size is 6.6Mb sub-directories of 1Mb or more: libs 4.9Mb Flavors: r-oldrel-macos-arm64, r-oldrel-macos-x86_64