CRAN Package Check Results for Package rar

Last updated on 2025-07-26 03:49:59 CEST.

Flavor Version Tinstall Tcheck Ttotal Status Flags
r-devel-linux-x86_64-debian-clang 0.0.3 48.76 45.05 93.81 NOTE
r-devel-linux-x86_64-debian-gcc 0.0.3 39.29 36.80 76.09 NOTE
r-devel-linux-x86_64-fedora-clang 0.0.3 169.06 OK
r-devel-linux-x86_64-fedora-gcc 0.0.3 176.23 OK
r-devel-windows-x86_64 0.0.3 63.00 80.00 143.00 OK
r-patched-linux-x86_64 0.0.3 59.09 44.61 103.70 OK
r-release-linux-x86_64 0.0.3 56.77 43.93 100.70 OK
r-release-macos-arm64 0.0.3 48.00 OK
r-release-macos-x86_64 0.0.3 68.00 OK
r-release-windows-x86_64 0.0.3 66.00 80.00 146.00 OK
r-oldrel-macos-arm64 0.0.3 47.00 NOTE
r-oldrel-macos-x86_64 0.0.3 56.00 NOTE
r-oldrel-windows-x86_64 0.0.3 78.00 100.00 178.00 OK

Additional issues

rchk

Check Details

Version: 0.0.3
Check: CRAN incoming feasibility
Result: NOTE Maintainer: ‘Johann Gaebler <me@jgaeb.com>’ The Description field contains Disparate Impact" Jung et al. (2024) <arXiv:1809.05651>. Please refer to arXiv e-prints via their arXiv DOI <doi:10.48550/arXiv.YYMM.NNNNN>. Flavors: r-devel-linux-x86_64-debian-clang, r-devel-linux-x86_64-debian-gcc

Version: 0.0.3
Check: installed package size
Result: NOTE installed size is 8.9Mb sub-directories of 1Mb or more: libs 8.7Mb Flavors: r-oldrel-macos-arm64, r-oldrel-macos-x86_64