CRAN Package Check Results for Package radar

Last updated on 2025-04-29 03:52:16 CEST.

Flavor Version Tinstall Tcheck Ttotal Status Flags
r-devel-linux-x86_64-debian-clang 1.0.0 2.21 21.85 24.06 NOTE
r-devel-linux-x86_64-debian-gcc 1.0.0 1.67 17.51 19.18 NOTE
r-devel-linux-x86_64-fedora-clang 1.0.0 39.82 NOTE
r-devel-linux-x86_64-fedora-gcc 1.0.0 36.15 NOTE
r-devel-windows-x86_64 1.0.0 3.00 47.00 50.00 NOTE
r-patched-linux-x86_64 1.0.0 2.92 21.12 24.04 NOTE
r-release-linux-x86_64 1.0.0 2.21 21.42 23.63 NOTE
r-release-macos-arm64 1.0.0 16.00 NOTE
r-release-macos-x86_64 1.0.0 25.00 NOTE
r-release-windows-x86_64 1.0.0 3.00 50.00 53.00 NOTE
r-oldrel-macos-arm64 1.0.0 16.00 NOTE
r-oldrel-macos-x86_64 1.0.0 21.00 NOTE
r-oldrel-windows-x86_64 1.0.0 3.00 44.00 47.00 NOTE

Check Details

Version: 1.0.0
Check: DESCRIPTION meta-information
Result: NOTE Malformed Description field: should contain one or more complete sentences. Flavors: r-devel-linux-x86_64-debian-clang, r-devel-linux-x86_64-debian-gcc, r-devel-linux-x86_64-fedora-clang, r-devel-linux-x86_64-fedora-gcc, r-devel-windows-x86_64, r-patched-linux-x86_64, r-release-linux-x86_64, r-release-macos-arm64, r-release-macos-x86_64, r-release-windows-x86_64, r-oldrel-macos-arm64, r-oldrel-macos-x86_64, r-oldrel-windows-x86_64