Last updated on 2025-11-15 03:50:27 CET.
| Flavor | Version | Tinstall | Tcheck | Ttotal | Status | Flags |
|---|---|---|---|---|---|---|
| r-devel-linux-x86_64-debian-clang | 0.3 | 7.95 | 157.43 | 165.38 | NOTE | |
| r-devel-linux-x86_64-debian-gcc | 0.3 | 5.20 | 112.13 | 117.33 | NOTE | |
| r-devel-linux-x86_64-fedora-clang | 0.3 | 34.00 | 211.44 | 245.44 | NOTE | |
| r-devel-linux-x86_64-fedora-gcc | 0.3 | 34.00 | 216.03 | 250.03 | NOTE | |
| r-devel-windows-x86_64 | 0.3 | 15.00 | 120.00 | 135.00 | NOTE | |
| r-patched-linux-x86_64 | 0.3 | 6.01 | 147.65 | 153.66 | OK | |
| r-release-linux-x86_64 | 0.3 | 7.38 | 147.91 | 155.29 | OK | |
| r-release-macos-arm64 | 0.3 | 5.00 | 48.00 | 53.00 | OK | |
| r-release-macos-x86_64 | 0.3 | 13.00 | 100.00 | 113.00 | OK | |
| r-release-windows-x86_64 | 0.3 | 12.00 | 125.00 | 137.00 | OK | |
| r-oldrel-macos-arm64 | 0.3 | 5.00 | 53.00 | 58.00 | OK | |
| r-oldrel-macos-x86_64 | 0.3 | 9.00 | 106.00 | 115.00 | OK | |
| r-oldrel-windows-x86_64 | 0.3 | 16.00 | 151.00 | 167.00 | OK |
Version: 0.3
Check: Rd files
Result: NOTE
checkRd: (-1) maize.Rd:20-26: Only 4 columns allowed in this table (row 5 has 1)
checkRd: (-1) ranki.Rd:81-87: Only 4 columns allowed in this table (row 5 has 1)
Flavors: r-devel-linux-x86_64-debian-clang, r-devel-linux-x86_64-debian-gcc, r-devel-windows-x86_64
Version: 0.3
Check: dependencies in R code
Result: NOTE
Namespaces in Imports field not imported from:
‘lifecycle’ ‘mathjaxr’
All declared Imports should be used.
Flavors: r-devel-linux-x86_64-fedora-clang, r-devel-linux-x86_64-fedora-gcc
Version: 0.3
Check: HTML version of manual
Result: NOTE
Found the following HTML validation problems:
rYWAASB.html:739:1 (nbclust.Rd:37): Warning: <script> anchor "MathJax-script" already defined
rYWAASB.html:916:1 (ranki.Rd:41): Warning: <script> anchor "MathJax-script" already defined
Flavors: r-devel-linux-x86_64-fedora-clang, r-devel-linux-x86_64-fedora-gcc