Last updated on 2025-05-03 03:52:10 CEST.
Flavor | Version | Tinstall | Tcheck | Ttotal | Status | Flags |
---|---|---|---|---|---|---|
r-devel-linux-x86_64-debian-clang | 1.4.8 | 4.72 | 31.54 | 36.26 | NOTE | |
r-devel-linux-x86_64-debian-gcc | 1.4.8 | 3.40 | 24.66 | 28.06 | NOTE | |
r-devel-linux-x86_64-fedora-clang | 1.4.8 | 61.05 | OK | |||
r-devel-linux-x86_64-fedora-gcc | 1.4.8 | 54.34 | OK | |||
r-devel-windows-x86_64 | 1.4.8 | 5.00 | 59.00 | 64.00 | OK | |
r-patched-linux-x86_64 | 1.4.8 | 6.02 | 30.33 | 36.35 | OK | |
r-release-linux-x86_64 | OK | |||||
r-release-macos-arm64 | 1.4.8 | 21.00 | OK | |||
r-release-macos-x86_64 | 1.4.8 | 39.00 | OK | |||
r-release-windows-x86_64 | 1.4.8 | 5.00 | 64.00 | 69.00 | OK | |
r-oldrel-macos-arm64 | 1.4.8 | 25.00 | OK | |||
r-oldrel-macos-x86_64 | 1.4.8 | 38.00 | OK | |||
r-oldrel-windows-x86_64 | 1.4.8 | 5.00 | 57.00 | 62.00 | OK |
Version: 1.4.8
Check: CRAN incoming feasibility
Result: NOTE
Maintainer: ‘Koki Tsuyuzaki <k.t.the-answer@hotmail.co.jp>’
No Authors@R field in DESCRIPTION.
Please add one, modifying
Authors@R: c(person(given = "James",
family = "Li",
role = "aut"),
person(given = "Jacob",
family = "Bien",
role = "aut"),
person(given = "Martin",
family = "Wells",
role = "aut"),
person(given = "Koki",
family = "Tsuyuzaki",
role = "cre",
email = "k.t.the-answer@hotmail.co.jp"))
as necessary.
Flavors: r-devel-linux-x86_64-debian-clang, r-devel-linux-x86_64-debian-gcc