Last updated on 2025-10-31 02:50:42 CET.
| Flavor | Version | Tinstall | Tcheck | Ttotal | Status | Flags | 
|---|---|---|---|---|---|---|
| r-devel-linux-x86_64-debian-clang | 1.0.2 | 5.11 | 33.79 | 38.90 | NOTE | |
| r-devel-linux-x86_64-debian-gcc | 1.0.2 | 3.13 | 25.37 | 28.50 | NOTE | |
| r-devel-linux-x86_64-fedora-clang | 1.0.2 | 57.39 | OK | |||
| r-devel-linux-x86_64-fedora-gcc | 1.0.2 | 10.00 | 45.75 | 55.75 | OK | |
| r-devel-windows-x86_64 | 1.0.2 | 6.00 | 51.00 | 57.00 | OK | |
| r-patched-linux-x86_64 | 1.0.2 | 4.99 | 32.04 | 37.03 | OK | |
| r-release-linux-x86_64 | 1.0.2 | 4.42 | 31.63 | 36.05 | OK | |
| r-release-macos-arm64 | 1.0.2 | 2.00 | 15.00 | 17.00 | OK | |
| r-release-macos-x86_64 | 1.0.2 | 4.00 | 30.00 | 34.00 | OK | |
| r-release-windows-x86_64 | 1.0.2 | 6.00 | 54.00 | 60.00 | OK | |
| r-oldrel-macos-arm64 | 1.0.2 | 2.00 | 15.00 | 17.00 | OK | |
| r-oldrel-macos-x86_64 | 1.0.2 | 3.00 | 25.00 | 28.00 | OK | |
| r-oldrel-windows-x86_64 | 1.0.2 | 6.00 | 59.00 | 65.00 | OK | 
Version: 1.0.2
Check: CRAN incoming feasibility
Result: NOTE
  Maintainer: ‘Pierre Lafaye de Micheaux <lafaye@unsw.edu.au>’
  
  No Authors@R field in DESCRIPTION.
  Please add one, modifying
    Authors@R: c(person(given = c("Pierre", "Lafaye"),
                        family = "de Micheaux",
                        role = c("aut", "cre"),
                        email = "lafaye@unsw.edu.au"),
                 person(given = "Benoit",
                        family = "Liquet",
                        role = "aut"),
                 person(given = "Jeremie",
                        family = "Riou",
                        role = "aut"))
  as necessary.
Flavors: r-devel-linux-x86_64-debian-clang, r-devel-linux-x86_64-debian-gcc