Last updated on 2025-05-07 03:51:12 CEST.
Flavor | Version | Tinstall | Tcheck | Ttotal | Status | Flags |
---|---|---|---|---|---|---|
r-devel-linux-x86_64-debian-clang | 0.1 | 10.49 | 97.97 | 108.46 | NOTE | |
r-devel-linux-x86_64-debian-gcc | 0.1 | 7.91 | 70.41 | 78.32 | NOTE | |
r-devel-linux-x86_64-fedora-clang | 0.1 | 171.96 | OK | |||
r-devel-linux-x86_64-fedora-gcc | 0.1 | 167.13 | OK | |||
r-devel-windows-x86_64 | 0.1 | 13.00 | 105.00 | 118.00 | OK | |
r-patched-linux-x86_64 | 0.1 | 11.91 | 93.06 | 104.97 | OK | |
r-release-linux-x86_64 | 0.1 | 11.72 | 94.16 | 105.88 | OK | |
r-release-macos-arm64 | 0.1 | 47.00 | OK | |||
r-release-macos-x86_64 | 0.1 | 101.00 | OK | |||
r-release-windows-x86_64 | 0.1 | 11.00 | 106.00 | 117.00 | OK | |
r-oldrel-macos-arm64 | 0.1 | 50.00 | OK | |||
r-oldrel-macos-x86_64 | 0.1 | 73.00 | OK | |||
r-oldrel-windows-x86_64 | 0.1 | 17.00 | 132.00 | 149.00 | OK |
Version: 0.1
Check: CRAN incoming feasibility
Result: NOTE
Maintainer: ‘Chenyu Ren <chenyu.ren@connect.polyu.hk>’
The Description field contains
Ting Li, Zhongyuan Lyu, Chenyu Ren, Dong Xia (2023) <arXiv:2302.04437>.
Please refer to arXiv e-prints via their arXiv DOI <doi:10.48550/arXiv.YYMM.NNNNN>.
Flavors: r-devel-linux-x86_64-debian-clang, r-devel-linux-x86_64-debian-gcc