Last updated on 2025-07-20 03:49:41 CEST.
Flavor | Version | Tinstall | Tcheck | Ttotal | Status | Flags |
---|---|---|---|---|---|---|
r-devel-linux-x86_64-debian-clang | 0.4.3 | 8.87 | 88.66 | 97.53 | OK | |
r-devel-linux-x86_64-debian-gcc | 0.4.3 | 7.47 | 68.81 | 76.28 | OK | |
r-devel-linux-x86_64-fedora-clang | 0.4.3 | 153.27 | OK | |||
r-devel-linux-x86_64-fedora-gcc | 0.4.3 | 143.36 | OK | |||
r-devel-windows-x86_64 | 0.4.3 | 10.00 | 91.00 | 101.00 | OK | |
r-patched-linux-x86_64 | 0.4.3 | 10.04 | 83.86 | 93.90 | OK | |
r-release-linux-x86_64 | 0.4.3 | 8.40 | 87.00 | 95.40 | OK | |
r-release-macos-arm64 | 0.4.3 | 47.00 | OK | |||
r-release-macos-x86_64 | 0.4.3 | 79.00 | OK | |||
r-release-windows-x86_64 | 0.4.3 | 11.00 | 89.00 | 100.00 | OK | |
r-oldrel-macos-arm64 | 0.4.3 | 43.00 | NOTE | |||
r-oldrel-macos-x86_64 | 0.4.3 | 69.00 | NOTE | |||
r-oldrel-windows-x86_64 | 0.4.3 | 14.00 | 112.00 | 126.00 | NOTE |
Version: 0.4.3
Check: LazyData
Result: NOTE
'LazyData' is specified without a 'data' directory
Flavors: r-oldrel-macos-arm64, r-oldrel-macos-x86_64, r-oldrel-windows-x86_64