CRAN Package Check Results for Package rBayesianOptimization

Last updated on 2025-10-26 02:50:58 CET.

Flavor Version Tinstall Tcheck Ttotal Status Flags
r-devel-linux-x86_64-debian-clang 1.2.1 2.47 26.30 28.77 NOTE
r-devel-linux-x86_64-debian-gcc 1.2.1 1.29 20.81 22.10 NOTE
r-devel-linux-x86_64-fedora-clang 1.2.1 40.11 OK
r-devel-linux-x86_64-fedora-gcc 1.2.1 39.48 OK
r-devel-windows-x86_64 1.2.1 4.00 43.00 47.00 NOTE
r-patched-linux-x86_64 1.2.1 2.14 23.43 25.57 NOTE
r-release-linux-x86_64 1.2.1 2.29 23.31 25.60 NOTE
r-release-macos-arm64 1.2.1 2.00 17.00 19.00 OK
r-release-macos-x86_64 1.2.1 2.00 23.00 25.00 OK
r-release-windows-x86_64 1.2.1 3.00 45.00 48.00 NOTE
r-oldrel-macos-arm64 1.2.1 1.00 16.00 17.00 OK
r-oldrel-macos-x86_64 1.2.1 2.00 23.00 25.00 OK
r-oldrel-windows-x86_64 1.2.1 4.00 57.00 61.00 OK

Check Details

Version: 1.2.1
Check: Rd cross-references
Result: NOTE Found the following Rd file(s) with Rd \link{} targets missing package anchors: BayesianOptimization.Rd: GP_fit Please provide package anchors for all Rd \link{} targets not in the package itself and the base packages. Flavors: r-devel-linux-x86_64-debian-clang, r-devel-linux-x86_64-debian-gcc, r-devel-windows-x86_64, r-patched-linux-x86_64, r-release-linux-x86_64, r-release-windows-x86_64