Last updated on 2025-11-04 03:51:03 CET.
| Flavor | Version | Tinstall | Tcheck | Ttotal | Status | Flags | 
|---|---|---|---|---|---|---|
| r-devel-linux-x86_64-debian-clang | 0.1.2 | 3.80 | 66.71 | 70.51 | OK | |
| r-devel-linux-x86_64-debian-gcc | 0.1.2 | 2.99 | 53.18 | 56.17 | OK | |
| r-devel-linux-x86_64-fedora-clang | 0.1.2 | 107.33 | OK | |||
| r-devel-linux-x86_64-fedora-gcc | 0.1.2 | 10.00 | 107.21 | 117.21 | OK | |
| r-devel-windows-x86_64 | 0.1.2 | 11.00 | 105.00 | 116.00 | OK | |
| r-patched-linux-x86_64 | 0.1.2 | 6.04 | 63.67 | 69.71 | OK | |
| r-release-linux-x86_64 | 0.1.2 | 3.99 | 64.71 | 68.70 | OK | |
| r-release-macos-arm64 | 0.1.2 | 2.00 | 45.00 | 47.00 | OK | |
| r-release-macos-x86_64 | 0.1.2 | 4.00 | 78.00 | 82.00 | OK | |
| r-release-windows-x86_64 | 0.1.2 | 11.00 | 103.00 | 114.00 | OK | |
| r-oldrel-macos-arm64 | 0.1.2 | 3.00 | 50.00 | 53.00 | NOTE | |
| r-oldrel-macos-x86_64 | 0.1.2 | 5.00 | 74.00 | 79.00 | NOTE | |
| r-oldrel-windows-x86_64 | 0.1.2 | 13.00 | 128.00 | 141.00 | NOTE | 
Version: 0.1.2
Check: installed package size
Result: NOTE
    installed size is 11.5Mb
    sub-directories of 1Mb or more:
      doc   9.9Mb
Flavors: r-oldrel-macos-arm64, r-oldrel-macos-x86_64, r-oldrel-windows-x86_64