Last updated on 2025-05-06 03:51:12 CEST.
Flavor | Version | Tinstall | Tcheck | Ttotal | Status | Flags |
---|---|---|---|---|---|---|
r-devel-linux-x86_64-debian-clang | 7.2.1-3 | 49.69 | 110.93 | 160.62 | OK | |
r-devel-linux-x86_64-debian-gcc | 7.2.1-3 | 40.26 | 76.16 | 116.42 | OK | |
r-devel-linux-x86_64-fedora-clang | 7.2.1-3 | 302.87 | OK | |||
r-devel-linux-x86_64-fedora-gcc | 7.2.1-3 | 315.26 | OK | |||
r-devel-windows-x86_64 | 7.2.1-3 | 74.00 | 157.00 | 231.00 | OK | |
r-patched-linux-x86_64 | 7.2.1-3 | 57.00 | 102.23 | 159.23 | OK | |
r-release-linux-x86_64 | 7.2.1-3 | 52.82 | 99.77 | 152.59 | OK | |
r-release-macos-arm64 | 7.2.1-3 | 86.00 | OK | |||
r-release-macos-x86_64 | 7.2.1-3 | 310.00 | OK | |||
r-release-windows-x86_64 | 7.2.1-3 | 72.00 | 160.00 | 232.00 | OK | |
r-oldrel-macos-arm64 | 7.2.1-3 | 88.00 | NOTE | |||
r-oldrel-macos-x86_64 | 7.2.1-3 | 208.00 | NOTE | |||
r-oldrel-windows-x86_64 | 7.2.1-3 | 82.00 | 195.00 | 277.00 | OK |
Version: 7.2.1-3
Check: installed package size
Result: NOTE
installed size is 5.8Mb
sub-directories of 1Mb or more:
libs 4.8Mb
Flavors: r-oldrel-macos-arm64, r-oldrel-macos-x86_64