Last updated on 2025-05-18 03:50:27 CEST.
Flavor | Version | Tinstall | Tcheck | Ttotal | Status | Flags |
---|---|---|---|---|---|---|
r-devel-linux-x86_64-debian-clang | 1.0.1 | 2.06 | 38.63 | 40.69 | NOTE | |
r-devel-linux-x86_64-debian-gcc | 1.0.1 | 1.66 | 27.46 | 29.12 | NOTE | |
r-devel-linux-x86_64-fedora-clang | 1.0.1 | 60.30 | NOTE | |||
r-devel-linux-x86_64-fedora-gcc | 1.0.1 | 59.35 | NOTE | |||
r-devel-windows-x86_64 | 1.0.1 | 4.00 | 56.00 | 60.00 | NOTE | |
r-patched-linux-x86_64 | 1.0.1 | 1.80 | 35.06 | 36.86 | NOTE | |
r-release-linux-x86_64 | 1.0.1 | 2.11 | 35.03 | 37.14 | NOTE | |
r-release-macos-arm64 | 1.0.1 | 22.00 | NOTE | |||
r-release-macos-x86_64 | 1.0.1 | 36.00 | NOTE | |||
r-release-windows-x86_64 | 1.0.1 | 3.00 | 69.00 | 72.00 | NOTE | |
r-oldrel-macos-arm64 | 1.0.1 | 25.00 | OK | |||
r-oldrel-macos-x86_64 | 1.0.1 | 38.00 | OK | |||
r-oldrel-windows-x86_64 | 1.0.1 | 4.00 | 66.00 | 70.00 | OK |
Version: 1.0.1
Check: DESCRIPTION meta-information
Result: NOTE
Missing dependency on R >= 4.1.0 because package code uses the pipe
|> or function shorthand \(...) syntax added in R 4.1.0.
File(s) using such syntax:
‘quax.Rd’
Flavors: r-devel-linux-x86_64-debian-clang, r-devel-linux-x86_64-debian-gcc, r-devel-linux-x86_64-fedora-clang, r-devel-linux-x86_64-fedora-gcc, r-devel-windows-x86_64, r-patched-linux-x86_64, r-release-linux-x86_64, r-release-macos-arm64, r-release-macos-x86_64, r-release-windows-x86_64