CRAN Package Check Results for Package quantregGrowth

Last updated on 2025-07-22 03:50:01 CEST.

Flavor Version Tinstall Tcheck Ttotal Status Flags
r-devel-linux-x86_64-debian-clang 1.7-1 11.99 97.07 109.06 NOTE
r-devel-linux-x86_64-debian-gcc 1.7-1 8.29 69.46 77.75 NOTE
r-devel-linux-x86_64-fedora-clang 1.7-1 177.18 OK
r-devel-linux-x86_64-fedora-gcc 1.7-1 176.21 OK
r-devel-windows-x86_64 1.7-1 13.00 106.00 119.00 NOTE
r-patched-linux-x86_64 1.7-1 12.37 91.87 104.24 NOTE
r-release-linux-x86_64 1.7-1 11.10 92.75 103.85 NOTE
r-release-macos-arm64 1.7-1 59.00 OK
r-release-macos-x86_64 1.7-1 133.00 OK
r-release-windows-x86_64 1.7-1 12.00 109.00 121.00 NOTE
r-oldrel-macos-arm64 1.7-1 54.00 OK
r-oldrel-macos-x86_64 1.7-1 88.00 OK
r-oldrel-windows-x86_64 1.7-1 17.00 133.00 150.00 OK

Check Details

Version: 1.7-1
Check: Rd cross-references
Result: NOTE Found the following Rd file(s) with Rd \link{} targets missing package anchors: logLik.gcrq.Rd: logLik.rq Please provide package anchors for all Rd \link{} targets not in the package itself and the base packages. Flavors: r-devel-linux-x86_64-debian-clang, r-devel-linux-x86_64-debian-gcc, r-devel-windows-x86_64, r-patched-linux-x86_64, r-release-linux-x86_64, r-release-windows-x86_64