Last updated on 2025-05-01 03:49:59 CEST.
Flavor | Version | Tinstall | Tcheck | Ttotal | Status | Flags |
---|---|---|---|---|---|---|
r-devel-linux-x86_64-debian-clang | 1.1.1 | 51.75 | 103.85 | 155.60 | NOTE | |
r-devel-linux-x86_64-debian-gcc | 1.1.1 | 36.65 | 76.57 | 113.22 | NOTE | |
r-devel-linux-x86_64-fedora-clang | 1.1.1 | 261.85 | NOTE | |||
r-devel-linux-x86_64-fedora-gcc | 1.1.1 | 240.20 | NOTE | |||
r-devel-windows-x86_64 | 1.1.1 | 64.00 | 126.00 | 190.00 | NOTE | |
r-patched-linux-x86_64 | 1.1.1 | 50.71 | 104.28 | 154.99 | NOTE | |
r-release-linux-x86_64 | 1.1.1 | 48.69 | 98.05 | 146.74 | NOTE | |
r-release-macos-arm64 | 1.1.1 | 61.00 | NOTE | |||
r-release-macos-x86_64 | 1.1.1 | 103.00 | NOTE | |||
r-release-windows-x86_64 | 1.1.1 | 65.00 | 127.00 | 192.00 | NOTE | |
r-oldrel-macos-arm64 | 1.1.1 | 61.00 | NOTE | |||
r-oldrel-macos-x86_64 | 1.1.1 | 89.00 | NOTE | |||
r-oldrel-windows-x86_64 | 1.1.1 | 71.00 | 157.00 | 228.00 | NOTE |
Version: 1.1.1
Check: C++ specification
Result: NOTE
Specified C++11: please drop specification unless essential
Flavors: r-devel-linux-x86_64-debian-clang, r-devel-linux-x86_64-debian-gcc, r-devel-linux-x86_64-fedora-clang, r-devel-linux-x86_64-fedora-gcc, r-devel-windows-x86_64, r-patched-linux-x86_64, r-release-linux-x86_64, r-release-macos-arm64, r-release-macos-x86_64, r-release-windows-x86_64, r-oldrel-macos-arm64, r-oldrel-macos-x86_64, r-oldrel-windows-x86_64
Version: 1.1.1
Check: examples
Result: NOTE
Examples with CPU (user + system) or elapsed time > 5s
user system elapsed
plot.qris 7.034 0.11 8.215
Flavor: r-devel-linux-x86_64-debian-clang
Version: 1.1.1
Check: examples
Result: NA
user system elapsed
plot.qris 4.343 0.102 5.877
OK
Flavor: r-devel-linux-x86_64-debian-gcc