Last updated on 2025-05-02 03:51:18 CEST.
Flavor | Version | Tinstall | Tcheck | Ttotal | Status | Flags |
---|---|---|---|---|---|---|
r-devel-linux-x86_64-debian-clang | 1.0-6 | 6.36 | 73.71 | 80.07 | NOTE | |
r-devel-linux-x86_64-debian-gcc | 1.0-6 | 5.73 | 53.98 | 59.71 | OK | |
r-devel-linux-x86_64-fedora-clang | 1.0-6 | 125.38 | OK | |||
r-devel-linux-x86_64-fedora-gcc | 1.0-6 | 124.23 | OK | |||
r-devel-windows-x86_64 | 1.0-6 | 9.00 | 103.00 | 112.00 | OK | |
r-patched-linux-x86_64 | 1.0-6 | 8.42 | 70.04 | 78.46 | OK | |
r-release-linux-x86_64 | OK | |||||
r-release-macos-arm64 | 1.0-6 | 40.00 | OK | |||
r-release-macos-x86_64 | 1.0-6 | 70.00 | OK | |||
r-release-windows-x86_64 | 1.0-6 | 9.00 | 97.00 | 106.00 | OK | |
r-oldrel-macos-arm64 | 1.0-6 | 44.00 | OK | |||
r-oldrel-macos-x86_64 | 1.0-6 | 72.00 | OK | |||
r-oldrel-windows-x86_64 | 1.0-6 | 11.00 | 104.00 | 115.00 | OK |
Version: 1.0-6
Check: examples
Result: NOTE
Examples with CPU (user + system) or elapsed time > 5s
user system elapsed
fitqmap 3.774 0.034 5.051
Flavor: r-devel-linux-x86_64-debian-clang