Last updated on 2025-07-13 03:49:27 CEST.
Flavor | Version | Tinstall | Tcheck | Ttotal | Status | Flags |
---|---|---|---|---|---|---|
r-devel-linux-x86_64-debian-clang | 0.1.0 | 5.85 | 56.05 | 61.90 | NOTE | |
r-devel-linux-x86_64-debian-gcc | 0.1.0 | 3.90 | 40.16 | 44.06 | NOTE | |
r-devel-linux-x86_64-fedora-clang | 0.1.0 | 93.54 | NOTE | |||
r-devel-linux-x86_64-fedora-gcc | 0.1.0 | 102.17 | NOTE | |||
r-devel-windows-x86_64 | 0.1.0 | 7.00 | 70.00 | 77.00 | OK | |
r-patched-linux-x86_64 | 0.1.0 | 4.78 | 51.34 | 56.12 | OK | |
r-release-linux-x86_64 | 0.1.0 | 3.66 | 51.09 | 54.75 | OK | |
r-release-macos-arm64 | 0.1.0 | 37.00 | OK | |||
r-release-macos-x86_64 | 0.1.0 | 163.00 | OK | |||
r-release-windows-x86_64 | 0.1.0 | 7.00 | 74.00 | 81.00 | OK | |
r-oldrel-macos-arm64 | 0.1.0 | 35.00 | OK | |||
r-oldrel-macos-x86_64 | 0.1.0 | 52.00 | OK | |||
r-oldrel-windows-x86_64 | 0.1.0 | 9.00 | 84.00 | 93.00 | OK |
Version: 0.1.0
Check: CRAN incoming feasibility
Result: NOTE
Maintainer: ‘Ingo Rohlfing <i.rohlfing@uni-koeln.de>’
The BugReports field in DESCRIPTION has
https://github.com/ingorohlfing/qcapower
which should likely be
https://github.com/ingorohlfing/qcapower/issues
instead.
Flavors: r-devel-linux-x86_64-debian-clang, r-devel-linux-x86_64-debian-gcc
Version: 0.1.0
Check: dependencies in R code
Result: NOTE
Namespace in Imports field not imported from: ‘devtools’
All declared Imports should be used.
Flavors: r-devel-linux-x86_64-fedora-clang, r-devel-linux-x86_64-fedora-gcc