CRAN Package Check Results for Package pubtatordb

Last updated on 2025-11-16 03:50:06 CET.

Flavor Version Tinstall Tcheck Ttotal Status Flags
r-devel-linux-x86_64-debian-clang 0.1.4 2.10 27.92 30.02 OK
r-devel-linux-x86_64-debian-gcc 0.1.4 1.69 23.15 24.84 OK
r-devel-linux-x86_64-fedora-clang 0.1.4 45.95 OK
r-devel-linux-x86_64-fedora-gcc 0.1.4 56.75 OK
r-devel-windows-x86_64 0.1.4 5.00 47.00 52.00 OK
r-patched-linux-x86_64 0.1.4 1.93 25.99 27.92 OK
r-release-linux-x86_64 0.1.4 2.04 25.63 27.67 OK
r-release-macos-arm64 0.1.4 1.00 28.00 29.00 OK
r-release-macos-x86_64 0.1.4 3.00 72.00 75.00 OK
r-release-windows-x86_64 0.1.4 4.00 46.00 50.00 OK
r-oldrel-macos-arm64 0.1.4 1.00 23.00 24.00 NOTE
r-oldrel-macos-x86_64 0.1.4 2.00 60.00 62.00 NOTE
r-oldrel-windows-x86_64 0.1.4 5.00 53.00 58.00 NOTE

Additional issues

donttest

Check Details

Version: 0.1.4
Check: LazyData
Result: NOTE 'LazyData' is specified without a 'data' directory Flavors: r-oldrel-macos-arm64, r-oldrel-macos-x86_64, r-oldrel-windows-x86_64