Last updated on 2025-05-18 03:50:27 CEST.
Flavor | Version | Tinstall | Tcheck | Ttotal | Status | Flags |
---|---|---|---|---|---|---|
r-devel-linux-x86_64-debian-clang | 0.7-4 | 13.62 | 126.32 | 139.94 | NOTE | |
r-devel-linux-x86_64-debian-gcc | 0.7-4 | 9.28 | 86.84 | 96.12 | NOTE | |
r-devel-linux-x86_64-fedora-clang | 0.7-4 | 225.87 | OK | |||
r-devel-linux-x86_64-fedora-gcc | 0.7-4 | 231.73 | OK | |||
r-devel-windows-x86_64 | 0.7-4 | 16.00 | 174.00 | 190.00 | OK | |
r-patched-linux-x86_64 | 0.7-4 | 15.95 | 123.14 | 139.09 | NOTE | |
r-release-linux-x86_64 | 0.7-4 | 12.29 | 124.58 | 136.87 | NOTE | |
r-release-macos-arm64 | 0.7-4 | 69.00 | OK | |||
r-release-macos-x86_64 | 0.7-4 | 159.00 | OK | |||
r-release-windows-x86_64 | 0.7-4 | 18.00 | 175.00 | 193.00 | OK | |
r-oldrel-macos-arm64 | 0.7-4 | 68.00 | OK | |||
r-oldrel-macos-x86_64 | 0.7-4 | 113.00 | OK | |||
r-oldrel-windows-x86_64 | 0.7-4 | 23.00 | 208.00 | 231.00 | OK |
Version: 0.7-4
Check: for unstated dependencies in ‘demo’
Result: NOTE
'::' or ':::' imports not declared from:
‘colorspace’ ‘psychomix’
'library' or 'require' calls not declared from:
‘car’ ‘lmtest’ ‘psychomix’ ‘psychotree’ ‘strucchange’
Flavors: r-devel-linux-x86_64-debian-clang, r-devel-linux-x86_64-debian-gcc, r-patched-linux-x86_64, r-release-linux-x86_64