Last updated on 2025-05-01 03:49:59 CEST.
Flavor | Version | Tinstall | Tcheck | Ttotal | Status | Flags |
---|---|---|---|---|---|---|
r-devel-linux-x86_64-debian-clang | 1.2.0 | 16.61 | 262.14 | 278.75 | NOTE | |
r-devel-linux-x86_64-debian-gcc | 1.2.0 | 11.47 | 157.49 | 168.96 | OK | |
r-devel-linux-x86_64-fedora-clang | 1.2.0 | 438.74 | OK | |||
r-devel-linux-x86_64-fedora-gcc | 1.2.0 | 425.27 | OK | |||
r-devel-windows-x86_64 | 1.2.0 | 17.00 | 233.00 | 250.00 | OK | |
r-patched-linux-x86_64 | 1.2.0 | 15.14 | 247.83 | 262.97 | OK | |
r-release-linux-x86_64 | 1.2.0 | 14.94 | 245.61 | 260.55 | OK | |
r-release-macos-arm64 | 1.2.0 | 67.00 | OK | |||
r-release-macos-x86_64 | 1.2.0 | 204.00 | OK | |||
r-release-windows-x86_64 | 1.2.0 | 18.00 | 236.00 | 254.00 | OK | |
r-oldrel-macos-arm64 | 1.2.0 | 74.00 | OK | |||
r-oldrel-macos-x86_64 | 1.2.0 | 168.00 | OK | |||
r-oldrel-windows-x86_64 | 1.2.0 | 22.00 | 332.00 | 354.00 | OK |
Version: 1.2.0
Check: examples
Result: NOTE
Examples with CPU (user + system) or elapsed time > 5s
user system elapsed
summary.psc 11.313 0.066 14.168
pscfit 11.159 0.032 15.175
plot.psc 10.763 0.175 13.074
plot.psc.binary 10.585 0.121 14.001
plot.psc.count 8.718 0.075 12.139
plot.psc.cont 8.378 0.010 11.816
Flavor: r-devel-linux-x86_64-debian-clang
Version: 1.2.0
Check: examples
Result: NA
user system elapsed
plot.psc 5.851 0.082 7.305
plot.psc.binary 5.767 0.144 6.781
pscfit 5.710 0.113 7.661
summary.psc 5.744 0.061 7.010
OK
Flavor: r-devel-linux-x86_64-debian-gcc