Last updated on 2025-11-01 02:53:04 CET.
| Flavor | Version | Tinstall | Tcheck | Ttotal | Status | Flags |
|---|---|---|---|---|---|---|
| r-devel-linux-x86_64-debian-clang | 0.1.3 | 53.72 | 416.77 | 470.49 | NOTE | |
| r-devel-linux-x86_64-debian-gcc | 0.1.3 | 39.06 | 301.70 | 340.76 | NOTE | |
| r-devel-linux-x86_64-fedora-clang | 0.1.3 | 131.00 | 630.67 | 761.67 | OK | |
| r-devel-linux-x86_64-fedora-gcc | 0.1.3 | 261.00 | 518.95 | 779.95 | OK | |
| r-devel-windows-x86_64 | 0.1.3 | 55.00 | 353.00 | 408.00 | OK | |
| r-patched-linux-x86_64 | 0.1.3 | 0.34 | 2.02 | 2.36 | ERROR | |
| r-release-linux-x86_64 | 0.1.3 | 47.19 | 400.82 | 448.01 | OK | |
| r-release-macos-arm64 | 0.1.3 | 30.00 | 180.00 | 210.00 | OK | |
| r-release-macos-x86_64 | 0.1.3 | 48.00 | 307.00 | 355.00 | OK | |
| r-release-windows-x86_64 | 0.1.3 | 55.00 | 347.00 | 402.00 | OK | |
| r-oldrel-macos-arm64 | 0.1.3 | 25.00 | 155.00 | 180.00 | OK | |
| r-oldrel-macos-x86_64 | 0.1.3 | 37.00 | 241.00 | 278.00 | OK | |
| r-oldrel-windows-x86_64 | 0.1.3 | 72.00 | 472.00 | 544.00 | OK |
Version: 0.1.3
Check: CRAN incoming feasibility
Result: NOTE
Maintainer: ‘Junwei Han <hanjunwei1981@163.com>’
No Authors@R field in DESCRIPTION.
Please add one, modifying
Authors@R: c(person(given = "Xudong",
family = "Han",
role = "aut"),
person(given = "Junwei",
family = "Han",
role = c("aut", "cre"),
email = "hanjunwei1981@163.com"),
person(given = "Qing",
family = "Fei",
role = "aut"))
as necessary.
Flavors: r-devel-linux-x86_64-debian-clang, r-devel-linux-x86_64-debian-gcc
Version: 0.1.3
Check: package dependencies
Result: ERROR
Package required but not available: ‘GSVA’
See section ‘The DESCRIPTION file’ in the ‘Writing R Extensions’
manual.
Flavor: r-patched-linux-x86_64