CRAN Package Check Results for Package prototest

Last updated on 2025-05-01 03:49:59 CEST.

Flavor Version Tinstall Tcheck Ttotal Status Flags
r-devel-linux-x86_64-debian-clang 1.2 55.18 81.83 137.01 NOTE
r-devel-linux-x86_64-debian-gcc 1.2 38.30 59.29 97.59 NOTE
r-devel-linux-x86_64-fedora-clang 1.2 240.65 NOTE
r-devel-linux-x86_64-fedora-gcc 1.2 230.40 NOTE
r-devel-windows-x86_64 1.2 62.00 109.00 171.00 NOTE
r-patched-linux-x86_64 1.2 57.06 77.67 134.73 NOTE
r-release-linux-x86_64 1.2 51.78 77.67 129.45 NOTE
r-release-macos-arm64 1.2 67.00 NOTE
r-release-macos-x86_64 1.2 104.00 NOTE
r-release-windows-x86_64 1.2 64.00 115.00 179.00 NOTE
r-oldrel-macos-arm64 1.2 60.00 NOTE
r-oldrel-macos-x86_64 1.2 78.00 NOTE
r-oldrel-windows-x86_64 1.2 71.00 135.00 206.00 NOTE

Check Details

Version: 1.2
Check: CRAN incoming feasibility
Result: NOTE Maintainer: ‘Stephen Reid <sreid1652@gmail.com>’ No Authors@R field in DESCRIPTION. Please add one, modifying Authors@R: person(given = "Stephen", family = "Reid", role = c("aut", "cre"), email = "sreid1652@gmail.com") as necessary. Flavors: r-devel-linux-x86_64-debian-clang, r-devel-linux-x86_64-debian-gcc

Version: 1.2
Check: Rd files
Result: NOTE checkRd: (-1) prototest.univariate.Rd:21: Lost braces 21 | response variable. Vector of length emph{n}, assumed to be quantitative. | ^ Flavors: r-devel-linux-x86_64-debian-clang, r-devel-linux-x86_64-debian-gcc, r-devel-linux-x86_64-fedora-clang, r-devel-linux-x86_64-fedora-gcc, r-devel-windows-x86_64, r-patched-linux-x86_64, r-release-linux-x86_64, r-release-macos-arm64, r-release-macos-x86_64, r-release-windows-x86_64, r-oldrel-macos-arm64, r-oldrel-macos-x86_64, r-oldrel-windows-x86_64

Version: 1.2
Check: examples
Result: NOTE Examples with CPU (user + system) or elapsed time > 5s user system elapsed prototest-package 4.564 0.087 5.416 prototest.multivariate 4.282 0.040 5.599 Flavor: r-devel-linux-x86_64-debian-clang

Version: 1.2
Check: compiled code
Result: NOTE File ‘prototest/libs/prototest.so’: Found no calls to: ‘R_registerRoutines’, ‘R_useDynamicSymbols’ It is good practice to register native routines and to disable symbol search. See ‘Writing portable packages’ in the ‘Writing R Extensions’ manual. Flavors: r-devel-linux-x86_64-fedora-clang, r-devel-linux-x86_64-fedora-gcc