Last updated on 2025-11-03 03:49:51 CET.
| Flavor | Version | Tinstall | Tcheck | Ttotal | Status | Flags | 
|---|---|---|---|---|---|---|
| r-devel-linux-x86_64-debian-clang | 8.0.6 | 368.64 | 414.42 | 783.06 | OK | |
| r-devel-linux-x86_64-debian-gcc | 8.0.6 | 225.68 | 264.29 | 489.97 | OK | |
| r-devel-linux-x86_64-fedora-clang | 8.0.6 | 960.00 | 459.65 | 1419.65 | OK | |
| r-devel-linux-x86_64-fedora-gcc | 8.0.6 | 1380.00 | 12.44 | 1392.44 | OK | |
| r-devel-windows-x86_64 | 8.0.6 | 413.00 | 411.00 | 824.00 | OK | |
| r-patched-linux-x86_64 | 8.0.6 | 363.21 | 388.93 | 752.14 | OK | |
| r-release-linux-x86_64 | 8.0.6 | 357.75 | 394.74 | 752.49 | OK | |
| r-release-macos-arm64 | 8.0.6 | 112.00 | 154.00 | 266.00 | OK | |
| r-release-macos-x86_64 | 8.0.6 | 127.00 | 364.00 | 491.00 | OK | |
| r-release-windows-x86_64 | 8.0.6 | 397.00 | 407.00 | 804.00 | OK | |
| r-oldrel-macos-arm64 | 8.0.6 | 128.00 | 176.00 | 304.00 | NOTE | |
| r-oldrel-macos-x86_64 | 8.0.6 | 121.00 | 249.00 | 370.00 | NOTE | |
| r-oldrel-windows-x86_64 | 8.0.6 | 483.00 | 529.00 | 1012.00 | NOTE | 
Version: 8.0.6
Check: package dependencies
Result: NOTE
  Packages suggested but not available for checking:
    'gurobi', 'rcbc', 'cplexAPI'
Flavors: r-oldrel-macos-arm64, r-oldrel-macos-x86_64, r-oldrel-windows-x86_64
Version: 8.0.6
Check: installed package size
Result: NOTE
    installed size is 20.0Mb
    sub-directories of 1Mb or more:
      R      2.0Mb
      doc    4.7Mb
      libs  11.3Mb
Flavors: r-oldrel-macos-arm64, r-oldrel-macos-x86_64, r-oldrel-windows-x86_64