Last updated on 2025-11-04 03:51:02 CET.
| Flavor | Version | Tinstall | Tcheck | Ttotal | Status | Flags | 
|---|---|---|---|---|---|---|
| r-devel-linux-x86_64-debian-clang | 0.2.9 | 4.32 | 95.03 | 99.35 | NOTE | |
| r-devel-linux-x86_64-debian-gcc | 0.2.9 | 2.98 | 74.47 | 77.45 | NOTE | |
| r-devel-linux-x86_64-fedora-clang | 0.2.9 | 150.37 | NOTE | |||
| r-devel-linux-x86_64-fedora-gcc | 0.2.9 | 164.76 | NOTE | |||
| r-devel-windows-x86_64 | 0.2.9 | 7.00 | 134.00 | 141.00 | NOTE | |
| r-patched-linux-x86_64 | 0.2.9 | 5.35 | 89.95 | 95.30 | NOTE | |
| r-release-linux-x86_64 | 0.2.9 | 3.77 | 90.30 | 94.07 | NOTE | |
| r-release-macos-arm64 | 0.2.9 | 3.00 | 97.00 | 100.00 | NOTE | |
| r-release-macos-x86_64 | 0.2.9 | 4.00 | 139.00 | 143.00 | NOTE | |
| r-release-windows-x86_64 | 0.2.9 | 7.00 | 129.00 | 136.00 | NOTE | |
| r-oldrel-macos-arm64 | 0.2.9 | 2.00 | 104.00 | 106.00 | NOTE | |
| r-oldrel-macos-x86_64 | 0.2.9 | 3.00 | 115.00 | 118.00 | NOTE | |
| r-oldrel-windows-x86_64 | 0.2.9 | 8.00 | 158.00 | 166.00 | NOTE | 
Version: 0.2.9
Check: Rd files
Result: NOTE
  checkRd: (-1) prereg_initialize.Rd:20: Lost braces; missing escapes or markup?
      20 | the (pre)registration form specification (in {preregr} format), see the
         |                                              ^
  checkRd: (-1) prereg_initialize.Rd:23: Lost braces; missing escapes or markup?
      23 | specification, or a loaded or imported {preregr} (pre)registration form.
         |                                        ^
  checkRd: (-1) prereg_initialize.Rd:26: Lost braces; missing escapes or markup?
      26 | For an introduction to working with {preregr} (pre)registrations,
         |                                     ^
  checkRd: (-1) rmd_templates.Rd:75: Lost braces; missing escapes or markup?
      75 | This function creates an R Markdown template from a {preregr}
         |                                                     ^
  checkRd: (-1) rmd_templates.Rd:77: Lost braces; missing escapes or markup?
      77 | Sheet holding the (pre)registration form specification (in {preregr}
         |                                                            ^
  checkRd: (-1) rmd_templates.Rd:81: Lost braces; missing escapes or markup?
      81 | specification, or a loaded or imported {preregr} (pre)registration form.
         |                                        ^
Flavors: r-devel-linux-x86_64-debian-clang, r-devel-linux-x86_64-debian-gcc, r-devel-linux-x86_64-fedora-clang, r-devel-linux-x86_64-fedora-gcc, r-devel-windows-x86_64, r-patched-linux-x86_64, r-release-linux-x86_64, r-release-macos-arm64, r-release-macos-x86_64, r-release-windows-x86_64, r-oldrel-macos-arm64, r-oldrel-macos-x86_64, r-oldrel-windows-x86_64