Last updated on 2025-11-21 03:51:52 CET.
| Flavor | Version | Tinstall | Tcheck | Ttotal | Status | Flags |
|---|---|---|---|---|---|---|
| r-devel-linux-x86_64-debian-clang | 0.1.1 | 3.78 | 57.25 | 61.03 | ERROR | |
| r-devel-linux-x86_64-debian-gcc | 0.2.0 | 2.81 | 42.42 | 45.23 | OK | |
| r-devel-linux-x86_64-fedora-clang | 0.2.0 | 48.00 | 56.29 | 104.29 | OK | |
| r-devel-linux-x86_64-fedora-gcc | 0.2.0 | 23.00 | 87.02 | 110.02 | OK | |
| r-devel-windows-x86_64 | 0.1.1 | 7.00 | 70.00 | 77.00 | ERROR | |
| r-patched-linux-x86_64 | 0.1.1 | 4.32 | 51.79 | 56.11 | ERROR | |
| r-release-linux-x86_64 | 0.1.1 | 3.41 | 51.55 | 54.96 | ERROR | |
| r-release-macos-arm64 | 0.2.0 | 1.00 | 21.00 | 22.00 | OK | |
| r-release-macos-x86_64 | 0.2.0 | 6.00 | 82.00 | 88.00 | OK | |
| r-release-windows-x86_64 | 0.1.1 | 6.00 | 68.00 | 74.00 | ERROR | |
| r-oldrel-macos-arm64 | 0.2.0 | 1.00 | 25.00 | 26.00 | OK | |
| r-oldrel-macos-x86_64 | 0.2.0 | 5.00 | 88.00 | 93.00 | OK | |
| r-oldrel-windows-x86_64 | 0.1.1 | 7.00 | 84.00 | 91.00 | ERROR |
Version: 0.1.1
Check: re-building of vignette outputs
Result: ERROR
Error(s) in re-building vignettes:
...
--- re-building ‘pregnancy.Rmd’ using rmarkdown
Quitting from pregnancy.Rmd:113-115 [unnamed-chunk-10]
~~~~~~~~~~~~~~~~~~~~~~~~~~~~~~~~~~~~~~~~~~~~~~~~~~~~~~~~~~~~~~~~~~~~~~~~~~~~~~~~
NULL
~~~~~~~~~~~~~~~~~~~~~~~~~~~~~~~~~~~~~~~~~~~~~~~~~~~~~~~~~~~~~~~~~~~~~~~~~~~~~~~~
Error: processing vignette 'pregnancy.Rmd' failed with diagnostics:
`until_date` must be later than `on_date`.
--- failed re-building ‘pregnancy.Rmd’
SUMMARY: processing the following file failed:
‘pregnancy.Rmd’
Error: Vignette re-building failed.
Execution halted
Flavors: r-devel-linux-x86_64-debian-clang, r-patched-linux-x86_64, r-release-linux-x86_64
Version: 0.1.1
Check: re-building of vignette outputs
Result: ERROR
Error(s) in re-building vignettes:
--- re-building 'pregnancy.Rmd' using rmarkdown
Quitting from pregnancy.Rmd:113-115 [unnamed-chunk-10]
~~~~~~~~~~~~~~~~~~~~~~~~~~~~~~~~~~~~~~~~~~~~~~~~~~~~~~~~~~~~~~~~~~~~~~~~~~~~~~~~
NULL
~~~~~~~~~~~~~~~~~~~~~~~~~~~~~~~~~~~~~~~~~~~~~~~~~~~~~~~~~~~~~~~~~~~~~~~~~~~~~~~~
Error: processing vignette 'pregnancy.Rmd' failed with diagnostics:
`until_date` must be later than `on_date`.
--- failed re-building 'pregnancy.Rmd'
SUMMARY: processing the following file failed:
'pregnancy.Rmd'
Error: Vignette re-building failed.
Execution halted
Flavors: r-devel-windows-x86_64, r-release-windows-x86_64, r-oldrel-windows-x86_64