Last updated on 2025-05-03 03:52:07 CEST.
Flavor | Version | Tinstall | Tcheck | Ttotal | Status | Flags |
---|---|---|---|---|---|---|
r-devel-linux-x86_64-debian-clang | 1.3 | 13.86 | 25.46 | 39.32 | NOTE | |
r-devel-linux-x86_64-debian-gcc | 1.3 | 11.32 | 19.71 | 31.03 | NOTE | |
r-devel-linux-x86_64-fedora-clang | 1.3 | 70.35 | NOTE | |||
r-devel-linux-x86_64-fedora-gcc | 1.3 | 66.76 | NOTE | |||
r-devel-windows-x86_64 | 1.3 | 17.00 | 71.00 | 88.00 | OK | |
r-patched-linux-x86_64 | 1.3 | 16.20 | 24.27 | 40.47 | OK | |
r-release-linux-x86_64 | OK | |||||
r-release-macos-arm64 | 1.3 | 23.00 | OK | |||
r-release-macos-x86_64 | 1.3 | 38.00 | OK | |||
r-release-windows-x86_64 | 1.3 | 17.00 | 70.00 | 87.00 | OK | |
r-oldrel-macos-arm64 | 1.3 | 24.00 | OK | |||
r-oldrel-macos-x86_64 | 1.3 | 39.00 | OK | |||
r-oldrel-windows-x86_64 | 1.3 | 19.00 | 76.00 | 95.00 | OK |
Version: 1.3
Check: CRAN incoming feasibility
Result: NOTE
Maintainer: ‘Chong Wu <wuxx0845@umn.edu>’
No Authors@R field in DESCRIPTION.
Please add one, modifying
Authors@R: c(person(given = "Chong",
family = "Wu",
role = c("aut", "cre"),
email = "wuxx0845@umn.edu"),
person(given = "Wei",
family = "Pan",
role = "aut"))
as necessary.
Flavors: r-devel-linux-x86_64-debian-clang, r-devel-linux-x86_64-debian-gcc
Version: 1.3
Check: compiled code
Result: NOTE
File ‘prclust/libs/prclust.so’:
Found no calls to: ‘R_registerRoutines’, ‘R_useDynamicSymbols’
It is good practice to register native routines and to disable symbol
search.
See ‘Writing portable packages’ in the ‘Writing R Extensions’ manual.
Flavors: r-devel-linux-x86_64-fedora-clang, r-devel-linux-x86_64-fedora-gcc