Last updated on 2025-05-02 03:51:18 CEST.
Flavor | Version | Tinstall | Tcheck | Ttotal | Status | Flags |
---|---|---|---|---|---|---|
r-devel-linux-x86_64-debian-clang | 1.0.0 | 4.75 | 42.50 | 47.25 | NOTE | |
r-devel-linux-x86_64-debian-gcc | 1.0.0 | 3.14 | 31.92 | 35.06 | OK | |
r-devel-linux-x86_64-fedora-clang | 1.0.0 | 74.12 | OK | |||
r-devel-linux-x86_64-fedora-gcc | 1.0.0 | 71.35 | OK | |||
r-devel-windows-x86_64 | 1.0.0 | 6.00 | 78.00 | 84.00 | OK | |
r-patched-linux-x86_64 | 1.0.0 | 4.90 | 40.85 | 45.75 | OK | |
r-release-linux-x86_64 | OK | |||||
r-release-macos-arm64 | 1.0.0 | 26.00 | OK | |||
r-release-macos-x86_64 | 1.0.0 | 45.00 | OK | |||
r-release-windows-x86_64 | 1.0.0 | 6.00 | 71.00 | 77.00 | OK | |
r-oldrel-macos-arm64 | 1.0.0 | 27.00 | OK | |||
r-oldrel-macos-x86_64 | 1.0.0 | 71.00 | OK | |||
r-oldrel-windows-x86_64 | 1.0.0 | 7.00 | 73.00 | 80.00 | OK |
Version: 1.0.0
Check: examples
Result: NOTE
Examples with CPU (user + system) or elapsed time > 5s
user system elapsed
bootstrap_and_CI 5.123 0.131 7.926
Flavor: r-devel-linux-x86_64-debian-clang