Last updated on 2025-10-31 02:50:39 CET.
| Flavor | Version | Tinstall | Tcheck | Ttotal | Status | Flags | 
|---|---|---|---|---|---|---|
| r-devel-linux-x86_64-debian-clang | 1.5 | 2.84 | 27.32 | 30.16 | NOTE | |
| r-devel-linux-x86_64-debian-gcc | 1.5 | 1.93 | 20.91 | 22.84 | NOTE | |
| r-devel-linux-x86_64-fedora-clang | 1.5 | 44.56 | OK | |||
| r-devel-linux-x86_64-fedora-gcc | 1.5 | 43.46 | OK | |||
| r-devel-windows-x86_64 | 1.5 | 4.00 | 49.00 | 53.00 | OK | |
| r-patched-linux-x86_64 | 1.5 | 2.86 | 25.58 | 28.44 | OK | |
| r-release-linux-x86_64 | 1.5 | 2.85 | 25.68 | 28.53 | OK | |
| r-release-macos-arm64 | 1.5 | 1.00 | 18.00 | 19.00 | OK | |
| r-release-macos-x86_64 | 1.5 | 2.00 | 29.00 | 31.00 | OK | |
| r-release-windows-x86_64 | 1.5 | 5.00 | 50.00 | 55.00 | OK | |
| r-oldrel-macos-arm64 | 1.5 | 1.00 | 16.00 | 17.00 | NOTE | |
| r-oldrel-macos-x86_64 | 1.5 | 2.00 | 23.00 | 25.00 | NOTE | |
| r-oldrel-windows-x86_64 | 1.5 | 6.00 | 57.00 | 63.00 | NOTE | 
Version: 1.5
Check: CRAN incoming feasibility
Result: NOTE
  Maintainer: ‘Johan Dahlin <uni@johandahlin.com>’
  
  No Authors@R field in DESCRIPTION.
  Please add one, modifying
    Authors@R: person(given = "Johan",
                      family = "Dahlin",
                      role = c("aut", "cre"),
                      email = "uni@johandahlin.com")
  as necessary.
Flavors: r-devel-linux-x86_64-debian-clang, r-devel-linux-x86_64-debian-gcc
Version: 1.5
Check: LazyData
Result: NOTE
    'LazyData' is specified without a 'data' directory
Flavors: r-oldrel-macos-arm64, r-oldrel-macos-x86_64, r-oldrel-windows-x86_64