Last updated on 2025-05-16 03:49:39 CEST.
Flavor | Version | Tinstall | Tcheck | Ttotal | Status | Flags |
---|---|---|---|---|---|---|
r-devel-linux-x86_64-debian-clang | 0.1.0 | 8.04 | 53.97 | 62.01 | OK | |
r-devel-linux-x86_64-debian-gcc | 0.1.0 | 5.61 | 38.54 | 44.15 | OK | |
r-devel-linux-x86_64-fedora-clang | 0.1.0 | 94.47 | NOTE | |||
r-devel-linux-x86_64-fedora-gcc | 0.1.0 | 90.36 | NOTE | |||
r-devel-windows-x86_64 | 0.1.0 | 10.00 | 72.00 | 82.00 | OK | |
r-patched-linux-x86_64 | 0.1.0 | 7.26 | 50.33 | 57.59 | OK | |
r-release-linux-x86_64 | 0.1.0 | 7.33 | 50.68 | 58.01 | OK | |
r-release-macos-arm64 | 0.1.0 | 31.00 | OK | |||
r-release-macos-x86_64 | 0.1.0 | 67.00 | OK | |||
r-release-windows-x86_64 | 0.1.0 | 10.00 | 71.00 | 81.00 | OK | |
r-oldrel-macos-arm64 | 0.1.0 | 30.00 | OK | |||
r-oldrel-macos-x86_64 | 0.1.0 | 43.00 | OK | |||
r-oldrel-windows-x86_64 | 0.1.0 | 13.00 | 84.00 | 97.00 | OK |
Version: 0.1.0
Check: dependencies in R code
Result: NOTE
Namespace in Imports field not imported from: ‘mapproj’
All declared Imports should be used.
Flavors: r-devel-linux-x86_64-fedora-clang, r-devel-linux-x86_64-fedora-gcc