CRAN Package Check Results for Package pkgnews

Last updated on 2025-07-28 03:51:21 CEST.

Flavor Version Tinstall Tcheck Ttotal Status Flags
r-devel-linux-x86_64-debian-clang 0.0.2 1.56 19.62 21.18 OK
r-devel-linux-x86_64-debian-gcc 0.0.2 1.32 16.54 17.86 OK
r-devel-linux-x86_64-fedora-clang 0.0.2 30.49 OK
r-devel-linux-x86_64-fedora-gcc 0.0.2 29.24 OK
r-devel-windows-x86_64 0.0.2 4.00 46.00 50.00 OK
r-patched-linux-x86_64 0.0.2 1.66 17.19 18.85 OK
r-release-linux-x86_64 0.0.2 1.43 17.11 18.54 OK
r-release-macos-arm64 0.0.2 17.00 OK
r-release-macos-x86_64 0.0.2 23.00 OK
r-release-windows-x86_64 0.0.2 3.00 38.00 41.00 OK
r-oldrel-macos-arm64 0.0.2 16.00 NOTE
r-oldrel-macos-x86_64 0.0.2 20.00 NOTE
r-oldrel-windows-x86_64 0.0.2 3.00 44.00 47.00 NOTE

Check Details

Version: 0.0.2
Check: LazyData
Result: NOTE 'LazyData' is specified without a 'data' directory Flavors: r-oldrel-macos-arm64, r-oldrel-macos-x86_64, r-oldrel-windows-x86_64