Last updated on 2025-04-30 03:51:01 CEST.
Flavor | Version | Tinstall | Tcheck | Ttotal | Status | Flags |
---|---|---|---|---|---|---|
r-devel-linux-x86_64-debian-clang | 0.3.1 | 1.67 | 26.19 | 27.86 | NOTE | |
r-devel-linux-x86_64-debian-gcc | 0.3.1 | 1.53 | 21.25 | 22.78 | NOTE | |
r-devel-linux-x86_64-fedora-clang | 0.3.1 | 45.56 | NOTE | |||
r-devel-linux-x86_64-fedora-gcc | 0.3.1 | 55.30 | NOTE | |||
r-devel-windows-x86_64 | 0.3.1 | 3.00 | 52.00 | 55.00 | NOTE | |
r-patched-linux-x86_64 | 0.3.1 | 2.09 | 24.03 | 26.12 | NOTE | |
r-release-linux-x86_64 | 0.3.1 | 1.98 | 24.31 | 26.29 | NOTE | |
r-release-macos-arm64 | 0.3.1 | 26.00 | NOTE | |||
r-release-macos-x86_64 | 0.3.1 | 41.00 | NOTE | |||
r-release-windows-x86_64 | 0.3.1 | 3.00 | 51.00 | 54.00 | NOTE | |
r-oldrel-macos-arm64 | 0.3.1 | 33.00 | OK | |||
r-oldrel-macos-x86_64 | 0.3.1 | 49.00 | OK | |||
r-oldrel-windows-x86_64 | 0.3.1 | 5.00 | 51.00 | 56.00 | OK |
Version: 0.3.1
Check: DESCRIPTION meta-information
Result: NOTE
Missing dependency on R >= 4.1.0 because package code uses the pipe
|> or function shorthand \(...) syntax added in R 4.1.0.
File(s) using such syntax:
‘buildPackageGraph.Rd’ ‘collectFunNames.Rd’ ‘functions.r’
‘plotPackageGraph.Rd’ ‘utils.r’
Flavors: r-devel-linux-x86_64-debian-clang, r-devel-linux-x86_64-debian-gcc, r-devel-linux-x86_64-fedora-clang, r-devel-linux-x86_64-fedora-gcc, r-devel-windows-x86_64, r-patched-linux-x86_64, r-release-linux-x86_64, r-release-macos-arm64, r-release-windows-x86_64
Version: 0.3.1
Check: DESCRIPTION meta-information
Result: NOTE
Missing dependency on R >= 4.1.0 because package code uses the pipe
|> or function shorthand \(...) syntax added in R 4.1.0.
File(s) using such syntax:
‘functions.r’ ‘utils.r’
Flavor: r-release-macos-x86_64