Last updated on 2025-07-19 03:48:41 CEST.
Flavor | Version | Tinstall | Tcheck | Ttotal | Status | Flags |
---|---|---|---|---|---|---|
r-devel-linux-x86_64-debian-clang | 1.0.9 | 34.78 | 341.93 | 376.71 | OK | |
r-devel-linux-x86_64-debian-gcc | 1.0.9 | 19.08 | 228.26 | 247.34 | OK | |
r-devel-linux-x86_64-fedora-clang | 1.0.9 | 306.10 | OK | |||
r-devel-linux-x86_64-fedora-gcc | 1.0.9 | 454.74 | OK | |||
r-devel-windows-x86_64 | 1.0.8 | 33.00 | 286.00 | 319.00 | NOTE | |
r-patched-linux-x86_64 | 1.0.9 | 36.65 | 320.90 | 357.55 | OK | |
r-release-linux-x86_64 | 1.0.8 | 32.70 | 318.62 | 351.32 | NOTE | |
r-release-macos-arm64 | 1.0.9 | 133.00 | OK | |||
r-release-macos-x86_64 | 1.0.9 | 285.00 | OK | |||
r-release-windows-x86_64 | 1.0.9 | 33.00 | 285.00 | 318.00 | OK | |
r-oldrel-macos-arm64 | 1.0.9 | 132.00 | OK | |||
r-oldrel-macos-x86_64 | 1.0.9 | 261.00 | OK | |||
r-oldrel-windows-x86_64 | 1.0.9 | 41.00 | 330.00 | 371.00 | OK |
Version: 1.0.8
Check: Rd files
Result: NOTE
checkRd: (-1) fitgom.Rd:87: Lost braces
87 | \item \code{theta} The ncol{counts} by K matrix of estimated
| ^
checkRd: (-1) fitgom.Rd:89: Lost braces
89 | \item \code{omega} The nrow{counts} by K matrix of estimated
| ^
Flavors: r-devel-windows-x86_64, r-release-linux-x86_64
Version: 1.0.8
Check: Rd cross-references
Result: NOTE
Found the following Rd file(s) with Rd \link{} targets missing package
anchors:
beta_diss.Rd: betapart.core, beta.pair, beta.multi, betapart
phylobeta.Rd: phylo.betapart.core, phylo.beta.pair, phylo.beta.multi
Please provide package anchors for all Rd \link{} targets not in the
package itself and the base packages.
Flavors: r-devel-windows-x86_64, r-release-linux-x86_64