CRAN Package Check Results for Package phuassess

Last updated on 2025-05-05 03:50:29 CEST.

Flavor Version Tinstall Tcheck Ttotal Status Flags
r-devel-linux-x86_64-debian-clang 1.1 1.73 21.39 23.12 NOTE
r-devel-linux-x86_64-debian-gcc 1.1 1.39 16.51 17.90 NOTE
r-devel-linux-x86_64-fedora-clang 1.1 35.58 OK
r-devel-linux-x86_64-fedora-gcc 1.1 33.79 OK
r-devel-windows-x86_64 1.1 3.00 41.00 44.00 OK
r-patched-linux-x86_64 1.1 1.92 19.98 21.90 OK
r-release-linux-x86_64 1.1 1.77 19.97 21.74 OK
r-release-macos-arm64 1.1 17.00 OK
r-release-macos-x86_64 1.1 33.00 OK
r-release-windows-x86_64 1.1 3.00 45.00 48.00 OK
r-oldrel-macos-arm64 1.1 16.00 OK
r-oldrel-macos-x86_64 1.1 31.00 OK
r-oldrel-windows-x86_64 1.1 3.00 40.00 43.00 OK

Check Details

Version: 1.1
Check: CRAN incoming feasibility
Result: NOTE Maintainer: ‘Caterina Pisani <caterina.pisani@unisi.it>’ No Authors@R field in DESCRIPTION. Please add one, modifying Authors@R: person(given = "Caterina", family = "Pisani", role = c("aut", "cre"), email = "caterina.pisani@unisi.it") as necessary. Flavors: r-devel-linux-x86_64-debian-clang, r-devel-linux-x86_64-debian-gcc