Last updated on 2025-05-18 03:50:26 CEST.
Flavor | Version | Tinstall | Tcheck | Ttotal | Status | Flags |
---|---|---|---|---|---|---|
r-devel-linux-x86_64-debian-clang | 1.0.2 | 3.51 | 28.87 | 32.38 | NOTE | |
r-devel-linux-x86_64-debian-gcc | 1.0.2 | 2.11 | 21.73 | 23.84 | NOTE | |
r-devel-linux-x86_64-fedora-clang | 1.0.2 | 50.34 | OK | |||
r-devel-linux-x86_64-fedora-gcc | 1.0.2 | 48.29 | OK | |||
r-devel-windows-x86_64 | 1.0.2 | 5.00 | 59.00 | 64.00 | OK | |
r-patched-linux-x86_64 | 1.0.2 | 3.84 | 27.25 | 31.09 | OK | |
r-release-linux-x86_64 | 1.0.2 | 3.13 | 27.01 | 30.14 | OK | |
r-release-macos-arm64 | 1.0.2 | 21.00 | OK | |||
r-release-macos-x86_64 | 1.0.2 | 33.00 | OK | |||
r-release-windows-x86_64 | 1.0.2 | 6.00 | 69.00 | 75.00 | OK | |
r-oldrel-macos-arm64 | 1.0.2 | 18.00 | OK | |||
r-oldrel-macos-x86_64 | 1.0.2 | 28.00 | OK | |||
r-oldrel-windows-x86_64 | 1.0.2 | 7.00 | 61.00 | 68.00 | OK |
Version: 1.0.2
Check: CRAN incoming feasibility
Result: NOTE
Maintainer: ‘Timothy Conwell <timconwell@gmail.com>’
No Authors@R field in DESCRIPTION.
Please add one, modifying
Authors@R: person(given = "Timothy",
family = "Conwell",
role = c("aut", "cre"),
email = "timconwell@gmail.com")
as necessary.
Flavors: r-devel-linux-x86_64-debian-clang, r-devel-linux-x86_64-debian-gcc