Last updated on 2025-07-19 03:48:41 CEST.
Flavor | Version | Tinstall | Tcheck | Ttotal | Status | Flags |
---|---|---|---|---|---|---|
r-devel-linux-x86_64-debian-clang | 1.14 | 5.72 | 24.91 | 30.63 | OK | |
r-devel-linux-x86_64-debian-gcc | 1.14 | 5.34 | 18.67 | 24.01 | OK | |
r-devel-linux-x86_64-fedora-clang | 1.14 | 46.08 | NOTE | |||
r-devel-linux-x86_64-fedora-gcc | 1.14 | 46.24 | NOTE | |||
r-devel-windows-x86_64 | 1.14 | 12.00 | 49.00 | 61.00 | OK | |
r-patched-linux-x86_64 | 1.14 | 5.76 | 23.04 | 28.80 | OK | |
r-release-linux-x86_64 | 1.14 | 6.41 | 22.93 | 29.34 | OK | |
r-release-macos-arm64 | 1.14 | 21.00 | OK | |||
r-release-macos-x86_64 | 1.14 | 35.00 | OK | |||
r-release-windows-x86_64 | 1.14 | 12.00 | 47.00 | 59.00 | OK | |
r-oldrel-macos-arm64 | 1.14 | 21.00 | OK | |||
r-oldrel-macos-x86_64 | 1.14 | 36.00 | OK | |||
r-oldrel-windows-x86_64 | 1.14 | 14.00 | 55.00 | 69.00 | OK |
Version: 1.14
Check: dependencies in R code
Result: NOTE
Namespace in Imports field not imported from: ‘Rdpack’
All declared Imports should be used.
Flavors: r-devel-linux-x86_64-fedora-clang, r-devel-linux-x86_64-fedora-gcc