Last updated on 2025-11-04 03:51:01 CET.
| Flavor | Version | Tinstall | Tcheck | Ttotal | Status | Flags | 
|---|---|---|---|---|---|---|
| r-devel-linux-x86_64-debian-clang | 3.6.0 | 14.75 | 31.52 | 46.27 | OK | |
| r-devel-linux-x86_64-debian-gcc | 3.6.0 | 10.26 | 25.81 | 36.07 | OK | |
| r-devel-linux-x86_64-fedora-clang | 3.6.0 | 40.00 | 39.11 | 79.11 | OK | |
| r-devel-linux-x86_64-fedora-gcc | 3.6.0 | 41.00 | 29.56 | 70.56 | OK | |
| r-devel-windows-x86_64 | 3.6.0 | 38.00 | 186.00 | 224.00 | WARN | |
| r-patched-linux-x86_64 | 3.6.0 | 16.32 | 30.11 | 46.43 | OK | |
| r-release-linux-x86_64 | 3.6.0 | 16.07 | 29.99 | 46.06 | OK | |
| r-release-macos-arm64 | 3.6.0 | 13.00 | 19.00 | 32.00 | OK | |
| r-release-macos-x86_64 | 3.6.0 | 22.00 | 38.00 | 60.00 | OK | |
| r-release-windows-x86_64 | 3.6.0 | 34.00 | 125.00 | 159.00 | WARN | |
| r-oldrel-macos-arm64 | 3.6.0 | 15.00 | 26.00 | 41.00 | NOTE | |
| r-oldrel-macos-x86_64 | 3.6.0 | 15.00 | 36.00 | 51.00 | NOTE | |
| r-oldrel-windows-x86_64 | 3.6.0 | 42.00 | 147.00 | 189.00 | NOTE | 
Version: 3.6.0
Check: whether package can be installed
Result: WARN
  Found the following significant warnings:
    bindings.cpp:362:31: warning: 'std::string poppler::embedded_file::name() const' is deprecated [-Wdeprecated-declarations]
  See 'd:/Rcompile/CRANpkg/local/4.6/pdftools.Rcheck/00install.out' for details.
  * used C++ compiler: 'g++.exe (GCC) 14.3.0'
Flavor: r-devel-windows-x86_64
Version: 3.6.0
Check: whether package can be installed
Result: WARN
  Found the following significant warnings:
    bindings.cpp:362:31: warning: 'std::string poppler::embedded_file::name() const' is deprecated [-Wdeprecated-declarations]
  See 'd:/Rcompile/CRANpkg/local/4.5/pdftools.Rcheck/00install.out' for details.
  * used C++ compiler: 'g++.exe (GCC) 14.3.0'
Flavor: r-release-windows-x86_64
Version: 3.6.0
Check: installed package size
Result: NOTE
    installed size is 21.5Mb
    sub-directories of 1Mb or more:
      libs    8.6Mb
      share  12.8Mb
Flavors: r-oldrel-macos-arm64, r-oldrel-macos-x86_64, r-oldrel-windows-x86_64