Last updated on 2025-11-22 03:50:59 CET.
| Flavor | Version | Tinstall | Tcheck | Ttotal | Status | Flags |
|---|---|---|---|---|---|---|
| r-devel-linux-x86_64-debian-clang | 1.0.3 | 7.77 | 27.26 | 35.03 | NOTE | |
| r-devel-linux-x86_64-debian-gcc | 1.0.3 | 10.23 | 21.68 | 31.91 | NOTE | |
| r-devel-linux-x86_64-fedora-clang | 1.0.3 | 14.00 | 38.87 | 52.87 | NOTE | |
| r-devel-linux-x86_64-fedora-gcc | 1.0.3 | 69.00 | -2.06 | 66.94 | NOTE | |
| r-devel-windows-x86_64 | 1.0.3 | 22.00 | 49.00 | 71.00 | OK | |
| r-patched-linux-x86_64 | 1.0.3 | 15.76 | 25.28 | 41.04 | OK | |
| r-release-linux-x86_64 | 1.0.3 | 15.72 | 25.43 | 41.15 | OK | |
| r-release-macos-arm64 | 1.0.3 | OK | ||||
| r-release-macos-x86_64 | 1.0.3 | 8.00 | 34.00 | 42.00 | OK | |
| r-release-windows-x86_64 | 1.0.3 | 16.00 | 47.00 | 63.00 | OK | |
| r-oldrel-macos-arm64 | 1.0.3 | OK | ||||
| r-oldrel-macos-x86_64 | 1.0.3 | 9.00 | 25.00 | 34.00 | OK | |
| r-oldrel-windows-x86_64 | 1.0.3 | 21.00 | 54.00 | 75.00 | OK |
Version: 1.0.3
Check: CRAN incoming feasibility
Result: NOTE
Maintainer: ‘Andreas M. Brandmaier <brandmaier@mpib-berlin.mpg.de>’
No Authors@R field in DESCRIPTION.
Please add one, modifying
Authors@R: person(given = c("Andreas", "M."),
family = "Brandmaier",
role = c("aut", "cre"),
email = "brandmaier@mpib-berlin.mpg.de")
as necessary.
Found the following (possibly) invalid file URI:
URI: openclipart.org
From: man/complex.shapes.Rd
Flavors: r-devel-linux-x86_64-debian-clang, r-devel-linux-x86_64-debian-gcc
Version: 1.0.3
Check: compiled code
Result: NOTE
File ‘pdc/libs/pdc.so’:
Found no calls to: ‘R_registerRoutines’, ‘R_useDynamicSymbols’
It is good practice to register native routines and to disable symbol
search.
See ‘Writing portable packages’ in the ‘Writing R Extensions’ manual.
Flavors: r-devel-linux-x86_64-fedora-clang, r-devel-linux-x86_64-fedora-gcc