CRAN Package Check Results for Package pcv

Last updated on 2025-05-01 03:49:58 CEST.

Flavor Version Tinstall Tcheck Ttotal Status Flags
r-devel-linux-x86_64-debian-clang 1.1.0 2.15 25.16 27.31 NOTE
r-devel-linux-x86_64-debian-gcc 1.1.0 1.71 20.17 21.88 NOTE
r-devel-linux-x86_64-fedora-clang 1.1.0 39.87 NOTE
r-devel-linux-x86_64-fedora-gcc 1.1.0 38.36 NOTE
r-devel-windows-x86_64 1.1.0 3.00 51.00 54.00 NOTE
r-patched-linux-x86_64 1.1.0 2.36 23.28 25.64 NOTE
r-release-linux-x86_64 1.1.0 2.06 23.39 25.45 NOTE
r-release-macos-arm64 1.1.0 19.00 NOTE
r-release-macos-x86_64 1.1.0 29.00 NOTE
r-release-windows-x86_64 1.1.0 3.00 52.00 55.00 NOTE
r-oldrel-macos-arm64 1.1.0 15.00 NOTE
r-oldrel-macos-x86_64 1.1.0 24.00 NOTE
r-oldrel-windows-x86_64 1.1.0 3.00 48.00 51.00 NOTE

Check Details

Version: 1.1.0
Check: Rd files
Result: NOTE checkRd: (-1) pcvpcr.Rd:42: Lost braces; missing escapes or markup? 42 | set {X, y} and cross-validation. | ^ checkRd: (-1) pcvpls.Rd:42: Lost braces; missing escapes or markup? 42 | set {X, y} and cross-validation. | ^ Flavors: r-devel-linux-x86_64-debian-clang, r-devel-linux-x86_64-debian-gcc, r-devel-linux-x86_64-fedora-clang, r-devel-linux-x86_64-fedora-gcc, r-devel-windows-x86_64, r-patched-linux-x86_64, r-release-linux-x86_64, r-release-macos-arm64, r-release-macos-x86_64, r-release-windows-x86_64, r-oldrel-macos-arm64, r-oldrel-macos-x86_64, r-oldrel-windows-x86_64