CRAN Package Check Results for Package pcse

Last updated on 2025-05-02 03:51:17 CEST.

Flavor Version Tinstall Tcheck Ttotal Status Flags
r-devel-linux-x86_64-debian-clang 1.9.1.1 1.96 29.02 30.98 NOTE
r-devel-linux-x86_64-debian-gcc 1.9.1.1 1.48 23.78 25.26 NOTE
r-devel-linux-x86_64-fedora-clang 1.9.1.1 48.52 OK
r-devel-linux-x86_64-fedora-gcc 1.9.1.1 60.86 OK
r-devel-windows-x86_64 1.9.1.1 2.00 69.00 71.00 OK
r-patched-linux-x86_64 1.9.1.1 2.02 27.98 30.00 OK
r-release-linux-x86_64 OK
r-release-macos-arm64 1.9.1.1 28.00 OK
r-release-macos-x86_64 1.9.1.1 58.00 OK
r-release-windows-x86_64 1.9.1.1 2.00 73.00 75.00 OK
r-oldrel-macos-arm64 1.9.1.1 26.00 OK
r-oldrel-macos-x86_64 1.9.1.1 43.00 OK
r-oldrel-windows-x86_64 1.9.1.1 3.00 66.00 69.00 OK

Check Details

Version: 1.9.1.1
Check: CRAN incoming feasibility
Result: NOTE Maintainer: ‘Delia Bailey <delia.bailey@gmail.com>’ No Authors@R field in DESCRIPTION. Please add one, modifying Authors@R: c(person(given = "Delia", family = "Bailey", role = c("aut", "cre"), email = "delia.bailey@gmail.com"), person(given = c("Jonathan", "N."), family = "Katz", role = "aut", email = "jkatz@caltech.edu")) as necessary. Package CITATION file contains call(s) to old-style personList() or as.personList(). Please use c() on person objects instead. Package CITATION file contains call(s) to old-style citEntry(). Please use bibentry() instead. Flavors: r-devel-linux-x86_64-debian-clang, r-devel-linux-x86_64-debian-gcc