Last updated on 2025-05-01 03:49:58 CEST.
Flavor | Version | Tinstall | Tcheck | Ttotal | Status | Flags |
---|---|---|---|---|---|---|
r-devel-linux-x86_64-debian-clang | 1.0.0 | 2.04 | 26.31 | 28.35 | NOTE | |
r-devel-linux-x86_64-debian-gcc | 1.0.0 | 1.75 | 20.80 | 22.55 | NOTE | |
r-devel-linux-x86_64-fedora-clang | 1.0.0 | 43.12 | OK | |||
r-devel-linux-x86_64-fedora-gcc | 1.0.0 | 40.07 | OK | |||
r-devel-windows-x86_64 | 1.0.0 | 3.00 | 50.00 | 53.00 | OK | |
r-patched-linux-x86_64 | 1.0.0 | 2.07 | 24.17 | 26.24 | OK | |
r-release-linux-x86_64 | 1.0.0 | 1.60 | 24.47 | 26.07 | OK | |
r-release-macos-arm64 | 1.0.0 | 21.00 | OK | |||
r-release-macos-x86_64 | 1.0.0 | 32.00 | OK | |||
r-release-windows-x86_64 | 1.0.0 | 3.00 | 49.00 | 52.00 | OK | |
r-oldrel-macos-arm64 | 1.0.0 | 17.00 | NOTE | |||
r-oldrel-macos-x86_64 | 1.0.0 | 29.00 | NOTE | |||
r-oldrel-windows-x86_64 | 1.0.0 | 4.00 | 49.00 | 53.00 | NOTE |
Version: 1.0.0
Check: CRAN incoming feasibility
Result: NOTE
Maintainer: ‘Pedro Fonseca <pedro.teles.fonseca@outlook.com>’
Package CITATION file contains call(s) to old-style personList() or
as.personList(). Please use c() on person objects instead.
Package CITATION file contains call(s) to old-style citEntry(). Please
use bibentry() instead.
Flavors: r-devel-linux-x86_64-debian-clang, r-devel-linux-x86_64-debian-gcc
Version: 1.0.0
Check: LazyData
Result: NOTE
'LazyData' is specified without a 'data' directory
Flavors: r-oldrel-macos-arm64, r-oldrel-macos-x86_64, r-oldrel-windows-x86_64