Last updated on 2025-05-17 03:49:14 CEST.
Flavor | Version | Tinstall | Tcheck | Ttotal | Status | Flags |
---|---|---|---|---|---|---|
r-devel-linux-x86_64-debian-clang | 1.2 | 4.13 | 29.09 | 33.22 | NOTE | |
r-devel-linux-x86_64-debian-gcc | 1.2 | 2.80 | 23.36 | 26.16 | NOTE | |
r-devel-linux-x86_64-fedora-clang | 1.2 | 52.35 | OK | |||
r-devel-linux-x86_64-fedora-gcc | 1.2 | 64.94 | OK | |||
r-devel-windows-x86_64 | 1.2 | 6.00 | 53.00 | 59.00 | OK | |
r-patched-linux-x86_64 | 1.2 | 3.72 | 27.81 | 31.53 | OK | |
r-release-linux-x86_64 | 1.2 | 3.33 | 28.05 | 31.38 | OK | |
r-release-macos-arm64 | 1.2 | 33.00 | OK | |||
r-release-macos-x86_64 | 1.2 | 49.00 | OK | |||
r-release-windows-x86_64 | 1.2 | 7.00 | 59.00 | 66.00 | OK | |
r-oldrel-macos-arm64 | 1.2 | 27.00 | NOTE | |||
r-oldrel-macos-x86_64 | 1.2 | 36.00 | NOTE | |||
r-oldrel-windows-x86_64 | 1.2 | 7.00 | 59.00 | 66.00 | NOTE |
Version: 1.2
Check: CRAN incoming feasibility
Result: NOTE
Maintainer: ‘Rob Tibshirani <tibs@stanford.edu>’
No Authors@R field in DESCRIPTION.
Please add one, modifying
Authors@R: c(person(given = "Jerome",
family = "Friedman",
role = "aut"),
person(given = "Kenneth",
family = "Tay",
role = "aut"),
person(given = "Robert",
family = "Tibshirani",
role = "aut"),
person(given = "Rob",
family = "Tibshirani",
role = "cre",
email = "tibs@stanford.edu"))
as necessary.
The Description field contains
regression' <arXiv:1810.04651>.
Please refer to arXiv e-prints via their arXiv DOI <doi:10.48550/arXiv.YYMM.NNNNN>.
Flavors: r-devel-linux-x86_64-debian-clang, r-devel-linux-x86_64-debian-gcc
Version: 1.2
Check: LazyData
Result: NOTE
'LazyData' is specified without a 'data' directory
Flavors: r-oldrel-macos-arm64, r-oldrel-macos-x86_64, r-oldrel-windows-x86_64