Last updated on 2025-05-04 03:51:01 CEST.
Flavor | Version | Tinstall | Tcheck | Ttotal | Status | Flags |
---|---|---|---|---|---|---|
r-devel-linux-x86_64-debian-clang | 1.2.3 | 3.81 | 33.61 | 37.42 | NOTE | |
r-devel-linux-x86_64-debian-gcc | 1.2.3 | 2.72 | 25.73 | 28.45 | NOTE | |
r-devel-linux-x86_64-fedora-clang | 1.2.3 | 59.95 | OK | |||
r-devel-linux-x86_64-fedora-gcc | 1.2.3 | 56.95 | OK | |||
r-devel-windows-x86_64 | 1.2.3 | 5.00 | 70.00 | 75.00 | NOTE | |
r-patched-linux-x86_64 | 1.2.3 | 4.04 | 32.08 | 36.12 | NOTE | |
r-release-linux-x86_64 | NOTE | |||||
r-release-macos-arm64 | 1.2.3 | 20.00 | OK | |||
r-release-macos-x86_64 | 1.2.3 | 35.00 | OK | |||
r-release-windows-x86_64 | 1.2.3 | 4.00 | 61.00 | 65.00 | NOTE | |
r-oldrel-macos-arm64 | 1.2.3 | 20.00 | OK | |||
r-oldrel-macos-x86_64 | 1.2.3 | 28.00 | OK | |||
r-oldrel-windows-x86_64 | 1.2.3 | 5.00 | 63.00 | 68.00 | OK |
Version: 1.2.3
Check: CRAN incoming feasibility
Result: NOTE
Maintainer: ‘Marco Geraci <marco.geraci@uniroma1.it>’
No Authors@R field in DESCRIPTION.
Please add one, modifying
Authors@R: person(given = "Marco",
family = "Geraci",
role = c("aut", "cre"),
email = "marco.geraci@uniroma1.it")
as necessary.
Flavors: r-devel-linux-x86_64-debian-clang, r-devel-linux-x86_64-debian-gcc
Version: 1.2.3
Check: Rd cross-references
Result: NOTE
Found the following Rd file(s) with Rd \link{} targets missing package
anchors:
gt1mAccFile.Rd: as.matrix.csr
gt3xAccFile.Rd: as.matrix.csr
Please provide package anchors for all Rd \link{} targets not in the
package itself and the base packages.
Flavors: r-devel-linux-x86_64-debian-clang, r-devel-linux-x86_64-debian-gcc, r-devel-windows-x86_64, r-patched-linux-x86_64, r-release-linux-x86_64, r-release-windows-x86_64