Last updated on 2025-04-30 03:51:01 CEST.
Flavor | Version | Tinstall | Tcheck | Ttotal | Status | Flags |
---|---|---|---|---|---|---|
r-devel-linux-x86_64-debian-clang | 1.3.0 | 9.14 | 130.66 | 139.80 | NOTE | |
r-devel-linux-x86_64-debian-gcc | 1.3.0 | 6.23 | 87.28 | 93.51 | NOTE | |
r-devel-linux-x86_64-fedora-clang | 1.3.0 | 224.39 | OK | |||
r-devel-linux-x86_64-fedora-gcc | 1.3.0 | 218.79 | OK | |||
r-devel-windows-x86_64 | 1.3.0 | 11.00 | 127.00 | 138.00 | OK | |
r-patched-linux-x86_64 | 1.3.0 | 9.25 | 124.50 | 133.75 | OK | |
r-release-linux-x86_64 | 1.3.0 | 9.93 | 123.47 | 133.40 | OK | |
r-release-macos-arm64 | 1.3.0 | 79.00 | OK | |||
r-release-macos-x86_64 | 1.3.0 | 133.00 | OK | |||
r-release-windows-x86_64 | 1.3.0 | 12.00 | 127.00 | 139.00 | OK | |
r-oldrel-macos-arm64 | 1.3.0 | 60.00 | OK | |||
r-oldrel-macos-x86_64 | 1.3.0 | 166.00 | OK | |||
r-oldrel-windows-x86_64 | 1.3.0 | 13.00 | 164.00 | 177.00 | OK |
Version: 1.3.0
Check: examples
Result: NOTE
Examples with CPU (user + system) or elapsed time > 5s
user system elapsed
plot_layout 7.850 0.032 11.996
plot_arithmetic 5.424 0.053 7.701
free 4.288 0.028 5.549
wrap_plots 3.374 0.015 5.303
Flavor: r-devel-linux-x86_64-debian-clang
Version: 1.3.0
Check: examples
Result: NOTE
Examples with CPU (user + system) or elapsed time > 5s
user system elapsed
plot_layout 5.022 0.012 6.395
Flavor: r-devel-linux-x86_64-debian-gcc