Last updated on 2025-07-18 03:51:05 CEST.
Flavor | Version | Tinstall | Tcheck | Ttotal | Status | Flags |
---|---|---|---|---|---|---|
r-devel-linux-x86_64-debian-clang | 0.9-1 | 5.86 | 57.50 | 63.36 | NOTE | |
r-devel-linux-x86_64-debian-gcc | 0.9-1 | 4.86 | 43.95 | 48.81 | NOTE | |
r-devel-linux-x86_64-fedora-clang | 0.9-1 | 99.15 | OK | |||
r-devel-linux-x86_64-fedora-gcc | 0.9-1 | 91.29 | OK | |||
r-devel-windows-x86_64 | 0.9-1 | 7.00 | 74.00 | 81.00 | OK | |
r-patched-linux-x86_64 | 0.9-1 | 6.19 | 54.70 | 60.89 | OK | |
r-release-linux-x86_64 | 0.9-1 | 5.82 | 54.18 | 60.00 | OK | |
r-release-macos-arm64 | 0.9-1 | 44.00 | OK | |||
r-release-macos-x86_64 | 0.9-1 | 77.00 | OK | |||
r-release-windows-x86_64 | 0.9-1 | 8.00 | 78.00 | 86.00 | OK | |
r-oldrel-macos-arm64 | 0.9-1 | 32.00 | OK | |||
r-oldrel-macos-x86_64 | 0.9-1 | 45.00 | OK | |||
r-oldrel-windows-x86_64 | 0.9-1 | 10.00 | 88.00 | 98.00 | OK |
Version: 0.9-1
Check: CRAN incoming feasibility
Result: NOTE
Maintainer: ‘Heidi Seibold <heidi@seibold.co>’
The Description field contains
found in Seibold, Hothorn, Zeileis (2016) <arXiv:1612.07498>. The
Please refer to arXiv e-prints via their arXiv DOI <doi:10.48550/arXiv.YYMM.NNNNN>.
Flavors: r-devel-linux-x86_64-debian-clang, r-devel-linux-x86_64-debian-gcc