Last updated on 2025-05-04 03:51:01 CEST.
Flavor | Version | Tinstall | Tcheck | Ttotal | Status | Flags |
---|---|---|---|---|---|---|
r-devel-linux-x86_64-debian-clang | 1.3.2 | 6.32 | 57.53 | 63.85 | NOTE | |
r-devel-linux-x86_64-debian-gcc | 1.3.2 | 4.21 | 41.22 | 45.43 | NOTE | |
r-devel-linux-x86_64-fedora-clang | 1.3.2 | 100.52 | OK | |||
r-devel-linux-x86_64-fedora-gcc | 1.3.2 | 95.10 | OK | |||
r-devel-windows-x86_64 | 1.3.2 | 8.00 | 76.00 | 84.00 | NOTE | |
r-patched-linux-x86_64 | 1.3.2 | 6.46 | 54.27 | 60.73 | NOTE | |
r-release-linux-x86_64 | NOTE | |||||
r-release-macos-arm64 | 1.3.2 | 41.00 | OK | |||
r-release-macos-x86_64 | 1.3.2 | 66.00 | OK | |||
r-release-windows-x86_64 | 1.3.2 | 8.00 | 70.00 | 78.00 | NOTE | |
r-oldrel-macos-arm64 | 1.3.2 | 32.00 | OK | |||
r-oldrel-macos-x86_64 | 1.3.2 | 44.00 | OK | |||
r-oldrel-windows-x86_64 | 1.3.2 | 9.00 | 82.00 | 91.00 | OK |
Version: 1.3.2
Check: CRAN incoming feasibility
Result: NOTE
Maintainer: ‘Luis Meira-Machado <lmachado@math.uminho.pt>’
Package CITATION file contains call(s) to old-style personList() or
as.personList(). Please use c() on person objects instead.
Package CITATION file contains call(s) to old-style citEntry(). Please
use bibentry() instead.
Flavors: r-devel-linux-x86_64-debian-clang, r-devel-linux-x86_64-debian-gcc
Version: 1.3.2
Check: Rd cross-references
Result: NOTE
Found the following Rd file(s) with Rd \link{} targets missing package
anchors:
heart2.Rd: heart
Please provide package anchors for all Rd \link{} targets not in the
package itself and the base packages.
Flavors: r-devel-linux-x86_64-debian-clang, r-devel-linux-x86_64-debian-gcc, r-devel-windows-x86_64, r-patched-linux-x86_64, r-release-linux-x86_64, r-release-windows-x86_64