Last updated on 2025-05-05 03:50:28 CEST.
Flavor | Version | Tinstall | Tcheck | Ttotal | Status | Flags |
---|---|---|---|---|---|---|
r-devel-linux-x86_64-debian-clang | 0.5.3 | 3.33 | 45.36 | 48.69 | NOTE | |
r-devel-linux-x86_64-debian-gcc | 0.5.3 | 2.36 | 34.81 | 37.17 | NOTE | |
r-devel-linux-x86_64-fedora-clang | 0.5.3 | 79.30 | OK | |||
r-devel-linux-x86_64-fedora-gcc | 0.5.3 | 88.19 | OK | |||
r-devel-windows-x86_64 | 0.5.3 | 5.00 | 94.00 | 99.00 | OK | |
r-patched-linux-x86_64 | 0.5.3 | 3.42 | 44.11 | 47.53 | OK | |
r-release-linux-x86_64 | 0.5.3 | 2.93 | 43.69 | 46.62 | OK | |
r-release-macos-arm64 | 0.5.3 | 39.00 | OK | |||
r-release-macos-x86_64 | 0.5.3 | 87.00 | OK | |||
r-release-windows-x86_64 | 0.5.3 | 5.00 | 96.00 | 101.00 | OK | |
r-oldrel-macos-arm64 | 0.5.3 | 42.00 | OK | |||
r-oldrel-macos-x86_64 | 0.5.3 | 67.00 | OK | |||
r-oldrel-windows-x86_64 | 0.5.3 | 6.00 | 105.00 | 111.00 | OK |
Version: 0.5.3
Check: CRAN incoming feasibility
Result: NOTE
Maintainer: ‘Brandon Whitcher <bwhitcher@gmail.com>’
Package CITATION file contains call(s) to old-style personList() or
as.personList(). Please use c() on person objects instead.
Package CITATION file contains call(s) to old-style citEntry(). Please
use bibentry() instead.
Flavors: r-devel-linux-x86_64-debian-clang, r-devel-linux-x86_64-debian-gcc