CRAN Package Check Results for Package ordinalRR

Last updated on 2025-11-23 03:48:52 CET.

Flavor Version Tinstall Tcheck Ttotal Status Flags
r-devel-linux-x86_64-debian-clang 1.1 2.44 26.58 29.02 NOTE
r-devel-linux-x86_64-debian-gcc 1.1 2.01 20.71 22.72 NOTE
r-devel-linux-x86_64-fedora-clang 1.1 43.88 OK
r-devel-linux-x86_64-fedora-gcc 1.1 42.15 OK
r-devel-windows-x86_64 1.1 4.00 45.00 49.00 OK
r-patched-linux-x86_64 1.1 2.82 24.94 27.76 OK
r-release-linux-x86_64 1.1 2.62 24.58 27.20 OK
r-release-macos-arm64 1.1 OK
r-release-macos-x86_64 1.1 3.00 29.00 32.00 OK
r-release-windows-x86_64 1.1 4.00 56.00 60.00 OK
r-oldrel-macos-arm64 1.1 OK
r-oldrel-macos-x86_64 1.1 2.00 21.00 23.00 OK
r-oldrel-windows-x86_64 1.1 4.00 50.00 54.00 OK

Check Details

Version: 1.1
Check: CRAN incoming feasibility
Result: NOTE Maintainer: ‘Ken Ryan <kjryan@mail.wvu.edu>’ No Authors@R field in DESCRIPTION. Please add one, modifying Authors@R: person(given = "Ken", family = "Ryan", role = c("aut", "cre"), email = "kjryan@mail.wvu.edu") as necessary. Package CITATION file contains call(s) to old-style personList() or as.personList(). Please use c() on person objects instead. Package CITATION file contains call(s) to old-style citEntry(). Please use bibentry() instead. Flavors: r-devel-linux-x86_64-debian-clang, r-devel-linux-x86_64-debian-gcc