CRAN Package Check Results for Package oncoPredict

Last updated on 2025-07-11 03:49:30 CEST.

Flavor Version Tinstall Tcheck Ttotal Status Flags
r-devel-linux-x86_64-debian-clang 1.2 60.49 586.81 647.30 OK
r-devel-linux-x86_64-debian-gcc 1.2 44.36 424.90 469.26 OK
r-devel-linux-x86_64-fedora-clang 1.2 1051.80 OK
r-devel-linux-x86_64-fedora-gcc 1.2 1027.42 OK
r-devel-windows-x86_64 1.2 56.00 458.00 514.00 OK
r-patched-linux-x86_64 1.2 55.05 556.60 611.65 OK
r-release-linux-x86_64 1.2 54.44 555.04 609.48 OK
r-release-macos-arm64 1.2 5.00 ERROR
r-release-macos-x86_64 1.2 7.00 ERROR
r-release-windows-x86_64 1.2 54.00 461.00 515.00 OK
r-oldrel-macos-arm64 1.2 10.00 ERROR
r-oldrel-macos-x86_64 1.2 13.00 ERROR
r-oldrel-windows-x86_64 1.2 74.00 611.00 685.00 OK

Check Details

Version: 1.2
Check: package dependencies
Result: ERROR Packages required but not available: 'org.Hs.eg.db', 'TxDb.Hsapiens.UCSC.hg19.knownGene', 'TCGAbiolinks' See section ‘The DESCRIPTION file’ in the ‘Writing R Extensions’ manual. Flavor: r-release-macos-arm64

Version: 1.2
Check: package dependencies
Result: ERROR Packages required but not available: 'TxDb.Hsapiens.UCSC.hg19.knownGene', 'TCGAbiolinks' See section ‘The DESCRIPTION file’ in the ‘Writing R Extensions’ manual. Flavors: r-release-macos-x86_64, r-oldrel-macos-arm64, r-oldrel-macos-x86_64