CRAN Package Check Results for Package ohun

Last updated on 2025-05-02 03:51:16 CEST.

Flavor Version Tinstall Tcheck Ttotal Status Flags
r-devel-linux-x86_64-debian-clang 1.0.2 12.23 220.66 232.89 NOTE
r-devel-linux-x86_64-debian-gcc 1.0.2 7.98 165.82 173.80 OK
r-devel-linux-x86_64-fedora-clang 1.0.2 381.31 OK
r-devel-linux-x86_64-fedora-gcc 1.0.2 369.10 OK
r-devel-windows-x86_64 1.0.2 14.00 298.00 312.00 OK
r-patched-linux-x86_64 1.0.2 13.12 211.19 224.31 OK
r-release-linux-x86_64 OK
r-release-macos-arm64 1.0.2 234.00 OK
r-release-macos-x86_64 1.0.2 337.00 OK
r-release-windows-x86_64 1.0.2 14.00 304.00 318.00 OK
r-oldrel-macos-arm64 1.0.2 151.00 NOTE
r-oldrel-macos-x86_64 1.0.2 484.00 NOTE
r-oldrel-windows-x86_64 1.0.2 20.00 324.00 344.00 NOTE

Check Details

Version: 1.0.2
Check: examples
Result: NOTE Examples with CPU (user + system) or elapsed time > 5s user system elapsed label_spectro 5.175 0.186 6.314 Flavor: r-devel-linux-x86_64-debian-clang

Version: 1.0.2
Check: installed package size
Result: NOTE installed size is 6.8Mb sub-directories of 1Mb or more: doc 6.1Mb Flavors: r-oldrel-macos-arm64, r-oldrel-macos-x86_64, r-oldrel-windows-x86_64