CRAN Package Check Results for Package nutriNetwork

Last updated on 2025-05-05 03:50:27 CEST.

Flavor Version Tinstall Tcheck Ttotal Status Flags
r-devel-linux-x86_64-debian-clang 0.1.2 8.04 81.35 89.39 NOTE
r-devel-linux-x86_64-debian-gcc 0.1.2 6.64 61.79 68.43 NOTE
r-devel-linux-x86_64-fedora-clang 0.1.2 140.82 OK
r-devel-linux-x86_64-fedora-gcc 0.1.2 145.41 OK
r-devel-windows-x86_64 0.1.2 10.00 92.00 102.00 NOTE
r-patched-linux-x86_64 0.1.2 9.32 79.20 88.52 NOTE
r-release-linux-x86_64 0.1.2 8.08 78.38 86.46 NOTE
r-release-macos-arm64 0.1.2 47.00 OK
r-release-macos-x86_64 0.1.2 76.00 OK
r-release-windows-x86_64 0.1.2 10.00 91.00 101.00 NOTE
r-oldrel-macos-arm64 0.1.2 42.00 OK
r-oldrel-macos-x86_64 0.1.2 62.00 OK
r-oldrel-windows-x86_64 0.1.2 12.00 113.00 125.00 OK

Check Details

Version: 0.1.2
Check: CRAN incoming feasibility
Result: NOTE Maintainer: ‘Pariya Behrouzi <pariya.behrouzi@gmail.com>’ No Authors@R field in DESCRIPTION. Please add one, modifying Authors@R: person(given = "Pariya", family = "Behrouzi", role = c("aut", "cre"), email = "https://orcid.org/0000-0001-6762-5433") as necessary. Flavors: r-devel-linux-x86_64-debian-clang, r-devel-linux-x86_64-debian-gcc

Version: 0.1.2
Check: Rd cross-references
Result: NOTE Found the following Rd file(s) with Rd \link{} targets missing package anchors: plot.select.Rd: select Please provide package anchors for all Rd \link{} targets not in the package itself and the base packages. Flavors: r-devel-linux-x86_64-debian-clang, r-devel-linux-x86_64-debian-gcc, r-devel-windows-x86_64, r-patched-linux-x86_64, r-release-linux-x86_64, r-release-windows-x86_64